Last updated on 2025-02-22 19:50:58 CET.
Flavor | Version | Tinstall | Tcheck | Ttotal | Status | Flags |
---|---|---|---|---|---|---|
r-devel-linux-x86_64-debian-clang | 1.0.0 | 1.61 | 15.95 | 17.56 | OK | |
r-devel-linux-x86_64-debian-gcc | 1.0.0 | 1.28 | 13.14 | 14.42 | OK | |
r-devel-linux-x86_64-fedora-clang | 1.0.0 | 27.24 | OK | |||
r-devel-linux-x86_64-fedora-gcc | 1.0.0 | 26.04 | OK | |||
r-devel-macos-arm64 | 1.0.0 | 14.00 | OK | |||
r-devel-macos-x86_64 | 1.0.0 | 24.00 | OK | |||
r-devel-windows-x86_64 | 1.0.0 | 2.00 | 39.00 | 41.00 | OK | |
r-patched-linux-x86_64 | 1.0.0 | 1.55 | 14.92 | 16.47 | NOTE | |
r-release-linux-x86_64 | 1.0.0 | 1.57 | 15.11 | 16.68 | NOTE | |
r-release-macos-arm64 | 1.0.0 | 14.00 | NOTE | |||
r-release-macos-x86_64 | 1.0.0 | 18.00 | NOTE | |||
r-release-windows-x86_64 | 1.0.0 | 3.00 | 37.00 | 40.00 | NOTE | |
r-oldrel-macos-arm64 | 1.0.0 | 14.00 | NOTE | |||
r-oldrel-macos-x86_64 | 1.0.0 | 17.00 | NOTE | |||
r-oldrel-windows-x86_64 | 1.0.0 | 4.00 | 35.00 | 39.00 | NOTE |
Version: 1.0.0
Check: LazyData
Result: NOTE
'LazyData' is specified without a 'data' directory
Flavors: r-patched-linux-x86_64, r-release-linux-x86_64, r-release-macos-arm64, r-release-macos-x86_64, r-release-windows-x86_64, r-oldrel-macos-arm64, r-oldrel-macos-x86_64, r-oldrel-windows-x86_64