Last updated on 2025-11-12 07:51:00 CET.
| Flavor | Version | Tinstall | Tcheck | Ttotal | Status | Flags |
|---|---|---|---|---|---|---|
| r-devel-linux-x86_64-debian-clang | 0.38.10 | 485.38 | 86.21 | 571.59 | OK | |
| r-devel-linux-x86_64-debian-gcc | 0.38.10 | 367.73 | 57.98 | 425.71 | OK | |
| r-devel-linux-x86_64-fedora-clang | 0.38.10 | 780.00 | 294.77 | 1074.77 | OK | |
| r-devel-linux-x86_64-fedora-gcc | 0.38.10 | 900.00 | 228.33 | 1128.33 | OK | |
| r-devel-windows-x86_64 | 0.38.10 | 674.00 | 153.00 | 827.00 | OK | |
| r-patched-linux-x86_64 | 0.38.10 | 542.86 | 80.68 | 623.54 | OK | |
| r-release-linux-x86_64 | 0.38.10 | 543.45 | 81.63 | 625.08 | OK | |
| r-release-macos-arm64 | 0.38.10 | 164.00 | 34.00 | 198.00 | OK | |
| r-release-macos-x86_64 | 0.38.10 | 110.00 | 70.00 | 180.00 | OK | |
| r-release-windows-x86_64 | 0.38.10 | 680.00 | 146.00 | 826.00 | OK | |
| r-oldrel-macos-arm64 | 0.38.10 | 153.00 | 35.00 | 188.00 | NOTE | |
| r-oldrel-macos-x86_64 | 0.38.10 | 119.00 | 66.00 | 185.00 | NOTE | |
| r-oldrel-windows-x86_64 | 0.38.10 | 773.00 | 178.00 | 951.00 | NOTE |
Version: 0.38.10
Check: installed package size
Result: NOTE
installed size is 26.3Mb
sub-directories of 1Mb or more:
libs 25.4Mb
Flavors: r-oldrel-macos-arm64, r-oldrel-macos-x86_64, r-oldrel-windows-x86_64