Last updated on 2025-10-21 07:49:48 CEST.
Flavor | Version | Tinstall | Tcheck | Ttotal | Status | Flags |
---|---|---|---|---|---|---|
r-devel-linux-x86_64-debian-clang | 0.4.1 | 58.19 | 58.08 | 116.27 | OK | |
r-devel-linux-x86_64-debian-gcc | 0.4.1 | 45.78 | 42.26 | 88.04 | NOTE | |
r-devel-linux-x86_64-fedora-clang | 0.4.1 | 243.60 | OK | |||
r-devel-linux-x86_64-fedora-gcc | 0.4.1 | 202.72 | OK | |||
r-devel-windows-x86_64 | 0.4.1 | 93.00 | 94.00 | 187.00 | OK | |
r-patched-linux-x86_64 | 0.4.1 | 66.40 | 53.69 | 120.09 | OK | |
r-release-linux-x86_64 | 0.4.1 | 63.16 | 52.42 | 115.58 | OK | |
r-release-macos-arm64 | 0.4.1 | 56.00 | OK | |||
r-release-macos-x86_64 | 0.4.1 | 97.00 | OK | |||
r-release-windows-x86_64 | 0.4.1 | 99.00 | 95.00 | 194.00 | OK | |
r-oldrel-macos-arm64 | 0.4.1 | 63.00 | NOTE | |||
r-oldrel-macos-x86_64 | 0.4.1 | 88.00 | NOTE | |||
r-oldrel-windows-x86_64 | 0.4.1 | 114.00 | 123.00 | 237.00 | OK |
Version: 0.4.1
Check: HTML version of manual
Result: NOTE
Found the following HTML validation problems:
blocks_str.html:56:1 (blocks_str.Rd:16): Warning: missing </ul> before </div>
chunk_blocks.html:69:1 (chunk_blocks.Rd:25): Warning: missing </ul> before </div>
chunk_origin.html:52:1 (chunk_origin.Rd:15): Warning: missing </ul> before </div>
nbt_list_of.html:46:1 (nbt_list_of.Rd:10): Warning: missing </ul> before </div>
rac_cast.html:58:1 (rac_cast.Rd:16): Warning: missing </ul> before </div>
rac_type_full.html:49:1 (rac_type_full.Rd:13): Warning: missing </ul> before </div>
to_rnbt_value.html:50:1 (to_rnbt_value.Rd:12): Warning: missing </ul> before </div>
Flavor: r-devel-linux-x86_64-debian-gcc
Version: 0.4.1
Check: installed package size
Result: NOTE
installed size is 5.8Mb
sub-directories of 1Mb or more:
extdata 1.1Mb
libs 4.1Mb
Flavors: r-oldrel-macos-arm64, r-oldrel-macos-x86_64
Version: 0.4.1
Check: for GNU extensions in Makefiles
Result: NOTE
GNU make is a SystemRequirements.
Flavors: r-oldrel-macos-arm64, r-oldrel-macos-x86_64