CRAN Package Check Results for Package rbit

Last updated on 2025-02-22 19:50:58 CET.

Flavor Version Tinstall Tcheck Ttotal Status Flags
r-devel-linux-x86_64-debian-clang 1.0.0 2.28 15.40 17.68 OK
r-devel-linux-x86_64-debian-gcc 1.0.0 1.64 13.10 14.74 OK
r-devel-linux-x86_64-fedora-clang 1.0.0 27.97 OK
r-devel-linux-x86_64-fedora-gcc 1.0.0 26.85 OK
r-devel-macos-arm64 1.0.0 13.00 OK
r-devel-macos-x86_64 1.0.0 23.00 OK
r-devel-windows-x86_64 1.0.0 3.00 43.00 46.00 OK
r-patched-linux-x86_64 1.0.0 2.39 14.69 17.08 NOTE
r-release-linux-x86_64 1.0.0 1.95 14.53 16.48 NOTE
r-release-macos-arm64 1.0.0 14.00 NOTE
r-release-macos-x86_64 1.0.0 19.00 NOTE
r-release-windows-x86_64 1.0.0 3.00 37.00 40.00 NOTE
r-oldrel-macos-arm64 1.0.0 15.00 NOTE
r-oldrel-macos-x86_64 1.0.0 18.00 NOTE
r-oldrel-windows-x86_64 1.0.0 4.00 39.00 43.00 NOTE

Check Details

Version: 1.0.0
Check: LazyData
Result: NOTE 'LazyData' is specified without a 'data' directory Flavors: r-patched-linux-x86_64, r-release-linux-x86_64, r-release-macos-arm64, r-release-macos-x86_64, r-release-windows-x86_64, r-oldrel-macos-arm64, r-oldrel-macos-x86_64, r-oldrel-windows-x86_64