Last updated on 2025-11-12 19:51:59 CET.
| Flavor | Version | Tinstall | Tcheck | Ttotal | Status | Flags |
|---|---|---|---|---|---|---|
| r-devel-linux-x86_64-debian-clang | 0.3.0 | 469.31 | 191.52 | 660.83 | OK | |
| r-devel-linux-x86_64-debian-gcc | 0.3.0 | 415.76 | 166.52 | 582.28 | OK | |
| r-devel-linux-x86_64-fedora-clang | 0.3.0 | 840.00 | 146.73 | 986.73 | NOTE | |
| r-devel-linux-x86_64-fedora-gcc | 0.3.0 | 1800.00 | -446.49 | 1353.51 | NOTE | |
| r-devel-windows-x86_64 | 0.3.0 | 510.00 | 227.00 | 737.00 | OK | |
| r-patched-linux-x86_64 | 0.3.0 | 527.23 | 224.91 | 752.14 | OK | |
| r-release-linux-x86_64 | 0.3.0 | 521.68 | 224.75 | 746.43 | OK | |
| r-release-macos-arm64 | 0.3.0 | 203.00 | 79.00 | 282.00 | OK | |
| r-release-macos-x86_64 | 0.3.0 | 197.00 | 103.00 | 300.00 | OK | |
| r-release-windows-x86_64 | 0.3.0 | 488.00 | 225.00 | 713.00 | OK | |
| r-oldrel-macos-arm64 | 0.3.0 | 188.00 | 99.00 | 287.00 | NOTE | |
| r-oldrel-macos-x86_64 | 0.3.0 | 181.00 | 108.00 | 289.00 | NOTE | |
| r-oldrel-windows-x86_64 | 0.3.0 | 561.00 | 284.00 | 845.00 | NOTE |
Version: 0.3.0
Check: dependencies in R code
Result: NOTE
Namespaces in Imports field not imported from:
‘RcppParallel’ ‘rstantools’ ‘shinythemes’
All declared Imports should be used.
Flavors: r-devel-linux-x86_64-fedora-clang, r-devel-linux-x86_64-fedora-gcc
Version: 0.3.0
Check: installed package size
Result: NOTE
installed size is 91.6Mb
sub-directories of 1Mb or more:
libs 90.8Mb
Flavors: r-oldrel-macos-arm64, r-oldrel-macos-x86_64, r-oldrel-windows-x86_64
Version: 0.3.0
Check: for GNU extensions in Makefiles
Result: NOTE
GNU make is a SystemRequirements.
Flavors: r-oldrel-macos-arm64, r-oldrel-macos-x86_64, r-oldrel-windows-x86_64