Last updated on 2025-11-13 06:50:38 CET.
| Flavor | Version | Tinstall | Tcheck | Ttotal | Status | Flags |
|---|---|---|---|---|---|---|
| r-devel-linux-x86_64-debian-clang | 1.0.14 | 8.56 | 142.19 | 150.75 | NOTE | |
| r-devel-linux-x86_64-debian-gcc | 1.0.14 | 5.35 | 105.70 | 111.05 | NOTE | |
| r-devel-linux-x86_64-fedora-clang | 1.0.14 | 70.00 | 170.38 | 240.38 | NOTE | |
| r-devel-linux-x86_64-fedora-gcc | 1.0.14 | 18.00 | 198.02 | 216.02 | NOTE | |
| r-devel-windows-x86_64 | 1.0.14 | 16.00 | 172.00 | 188.00 | NOTE | |
| r-patched-linux-x86_64 | 1.0.14 | 8.34 | 136.90 | 145.24 | NOTE | |
| r-release-linux-x86_64 | 1.0.14 | 7.38 | 135.08 | 142.46 | NOTE | |
| r-release-macos-arm64 | 1.0.14 | 6.00 | 45.00 | 51.00 | NOTE | |
| r-release-macos-x86_64 | 1.0.14 | 17.00 | 137.00 | 154.00 | NOTE | |
| r-release-windows-x86_64 | 1.0.14 | 17.00 | 138.00 | 155.00 | NOTE | |
| r-oldrel-macos-arm64 | 1.0.14 | 7.00 | 71.00 | 78.00 | OK | |
| r-oldrel-macos-x86_64 | 1.0.14 | 10.00 | 100.00 | 110.00 | OK | |
| r-oldrel-windows-x86_64 | 1.0.14 | 18.00 | 173.00 | 191.00 | OK |
Version: 1.0.14
Check: DESCRIPTION meta-information
Result: NOTE
Missing dependency on R >= 4.1.0 because package code uses the pipe
|> or function shorthand \(...) syntax added in R 4.1.0.
File(s) using such syntax:
‘helpers-process-tracing.R’ ‘process_tracing_estimator.Rd’
Flavors: r-devel-linux-x86_64-debian-clang, r-devel-linux-x86_64-debian-gcc, r-devel-linux-x86_64-fedora-clang, r-devel-linux-x86_64-fedora-gcc, r-devel-windows-x86_64, r-patched-linux-x86_64, r-release-linux-x86_64, r-release-macos-arm64, r-release-windows-x86_64
Version: 1.0.14
Check: DESCRIPTION meta-information
Result: NOTE
Missing dependency on R >= 4.1.0 because package code uses the pipe
|> or function shorthand \(...) syntax added in R 4.1.0.
File(s) using such syntax:
‘helpers-process-tracing.R’
Flavor: r-release-macos-x86_64