Last updated on 2025-02-22 07:51:43 CET.
Flavor | Version | Tinstall | Tcheck | Ttotal | Status | Flags |
---|---|---|---|---|---|---|
r-devel-linux-x86_64-debian-clang | 2.16.0 | 48.42 | 199.04 | 247.46 | NOTE | |
r-devel-linux-x86_64-debian-gcc | 2.16.0 | 31.51 | 136.55 | 168.06 | NOTE | |
r-devel-linux-x86_64-fedora-clang | 2.16.0 | 399.05 | OK | |||
r-devel-linux-x86_64-fedora-gcc | 2.16.0 | 416.38 | OK | |||
r-devel-macos-arm64 | 2.16.0 | 100.00 | OK | |||
r-devel-macos-x86_64 | 2.16.0 | 187.00 | OK | |||
r-devel-windows-x86_64 | 2.16.0 | 47.00 | 269.00 | 316.00 | OK | |
r-patched-linux-x86_64 | 2.16.0 | 49.81 | 187.16 | 236.97 | OK | |
r-release-linux-x86_64 | 2.16.0 | 48.08 | 188.08 | 236.16 | OK | |
r-release-macos-arm64 | 2.16.0 | 134.00 | NOTE | |||
r-release-macos-x86_64 | 2.16.0 | 360.00 | NOTE | |||
r-release-windows-x86_64 | 2.16.0 | 48.00 | 258.00 | 306.00 | OK | |
r-oldrel-macos-arm64 | 2.16.0 | 222.00 | NOTE | |||
r-oldrel-macos-x86_64 | 2.16.0 | 400.00 | NOTE | |||
r-oldrel-windows-x86_64 | 2.16.0 | 47.00 | 249.00 | 296.00 | OK |
Version: 2.16.0
Check: for unstated dependencies in ‘demo’
Result: NOTE
'library' or 'require' calls not declared from:
‘FNN’ ‘MASS’ ‘e1071’ ‘flexmix’
Flavors: r-devel-linux-x86_64-debian-clang, r-devel-linux-x86_64-debian-gcc
Version: 2.16.0
Check: installed package size
Result: NOTE
installed size is 5.5Mb
sub-directories of 1Mb or more:
R 2.1Mb
data 1.7Mb
Flavors: r-release-macos-arm64, r-release-macos-x86_64, r-oldrel-macos-arm64, r-oldrel-macos-x86_64