Last updated on 2025-11-21 06:50:48 CET.
| Flavor | Version | Tinstall | Tcheck | Ttotal | Status | Flags |
|---|---|---|---|---|---|---|
| r-devel-linux-x86_64-debian-clang | 0.0-3 | 1.87 | 24.94 | 26.81 | OK | |
| r-devel-linux-x86_64-debian-gcc | 0.0-3 | 1.60 | 19.99 | 21.59 | OK | |
| r-devel-linux-x86_64-fedora-clang | 0.0-3 | 39.46 | OK | |||
| r-devel-linux-x86_64-fedora-gcc | 0.0-3 | 37.49 | OK | |||
| r-devel-windows-x86_64 | 0.0-3 | 6.00 | 45.00 | 51.00 | OK | |
| r-patched-linux-x86_64 | 0.0-3 | 2.41 | 22.51 | 24.92 | OK | |
| r-release-linux-x86_64 | 0.0-3 | 1.90 | 22.79 | 24.69 | OK | |
| r-release-macos-arm64 | 0.0-3 | OK | ||||
| r-release-macos-x86_64 | 0.0-3 | 3.00 | 23.00 | 26.00 | OK | |
| r-release-windows-x86_64 | 0.0-3 | 3.00 | 45.00 | 48.00 | OK | |
| r-oldrel-macos-arm64 | 0.0-3 | NOTE | ||||
| r-oldrel-macos-x86_64 | 0.0-3 | 2.00 | 21.00 | 23.00 | NOTE | |
| r-oldrel-windows-x86_64 | 0.0-3 | 4.00 | 50.00 | 54.00 | NOTE |
Version: 0.0-3
Check: LazyData
Result: NOTE
'LazyData' is specified without a 'data' directory
Flavors: r-oldrel-macos-arm64, r-oldrel-macos-x86_64, r-oldrel-windows-x86_64