CRAN Package Check Results for Package recommenderlabJester

Last updated on 2025-07-17 18:49:56 CEST.

Flavor Version Tinstall Tcheck Ttotal Status Flags
r-devel-linux-x86_64-debian-clang 0.2-0 6.49 40.77 47.26 NOTE
r-devel-linux-x86_64-debian-gcc 0.2-0 4.58 30.65 35.23 NOTE
r-devel-linux-x86_64-fedora-clang 0.2-0 74.04 OK
r-devel-linux-x86_64-fedora-gcc 0.2-0 71.21 OK
r-devel-windows-x86_64 0.2-0 7.00 55.00 62.00 OK
r-patched-linux-x86_64 0.2-0 6.08 37.37 43.45 OK
r-release-linux-x86_64 0.2-0 6.41 38.10 44.51 OK
r-release-macos-arm64 0.2-0 25.00 OK
r-release-macos-x86_64 0.2-0 44.00 OK
r-release-windows-x86_64 0.2-0 8.00 57.00 65.00 OK
r-oldrel-macos-arm64 0.2-0 26.00 OK
r-oldrel-macos-x86_64 0.2-0 36.00 OK
r-oldrel-windows-x86_64 0.2-0 10.00 68.00 78.00 OK

Check Details

Version: 0.2-0
Check: CRAN incoming feasibility
Result: NOTE Maintainer: ‘Michael Hahsler <mhahsler@smu.edu>’ No Authors@R field in DESCRIPTION. Please add one, modifying Authors@R: person(given = "Michael", family = "Hahsler", role = c("aut", "cre"), email = "mhahsler@smu.edu") as necessary. Flavors: r-devel-linux-x86_64-debian-clang, r-devel-linux-x86_64-debian-gcc