Last updated on 2025-11-13 06:50:38 CET.
| Flavor | Version | Tinstall | Tcheck | Ttotal | Status | Flags |
|---|---|---|---|---|---|---|
| r-devel-linux-x86_64-debian-clang | 0.1.0 | 1.38 | 20.00 | 21.38 | NOTE | |
| r-devel-linux-x86_64-debian-gcc | 0.1.0 | 1.50 | 16.15 | 17.65 | NOTE | |
| r-devel-linux-x86_64-fedora-clang | 0.1.0 | 31.08 | NOTE | |||
| r-devel-linux-x86_64-fedora-gcc | 0.1.0 | 31.18 | NOTE | |||
| r-devel-windows-x86_64 | 0.1.0 | 4.00 | 39.00 | 43.00 | NOTE | |
| r-patched-linux-x86_64 | 0.1.0 | 1.70 | 18.98 | 20.68 | NOTE | |
| r-release-linux-x86_64 | 0.1.0 | 1.82 | 18.91 | 20.73 | NOTE | |
| r-release-macos-arm64 | 0.1.0 | 1.00 | 13.00 | 14.00 | NOTE | |
| r-release-macos-x86_64 | 0.1.0 | 2.00 | 21.00 | 23.00 | NOTE | |
| r-release-windows-x86_64 | 0.1.0 | 3.00 | 38.00 | 41.00 | NOTE | |
| r-oldrel-macos-arm64 | 0.1.0 | 1.00 | 14.00 | 15.00 | NOTE | |
| r-oldrel-macos-x86_64 | 0.1.0 | 1.00 | 19.00 | 20.00 | NOTE | |
| r-oldrel-windows-x86_64 | 0.1.0 | 5.00 | 43.00 | 48.00 | NOTE |
Version: 0.1.0
Check: Rd files
Result: NOTE
checkRd: (-1) make_refreshable.Rd:13: Lost braces
13 | not that quotes need to be escaped (code{\"}).}
| ^
Flavors: r-devel-linux-x86_64-debian-clang, r-devel-linux-x86_64-debian-gcc, r-devel-linux-x86_64-fedora-clang, r-devel-linux-x86_64-fedora-gcc, r-devel-windows-x86_64, r-patched-linux-x86_64, r-release-linux-x86_64, r-release-macos-arm64, r-release-macos-x86_64, r-release-windows-x86_64, r-oldrel-macos-arm64, r-oldrel-macos-x86_64, r-oldrel-windows-x86_64