Last updated on 2025-10-22 21:50:16 CEST.
Flavor | Version | Tinstall | Tcheck | Ttotal | Status | Flags |
---|---|---|---|---|---|---|
r-devel-linux-x86_64-debian-clang | 0.1-37 | 33.18 | 286.24 | 319.42 | NOTE | |
r-devel-linux-x86_64-debian-gcc | 0.1-37 | 18.51 | 206.89 | 225.40 | OK | |
r-devel-linux-x86_64-fedora-clang | 0.1-37 | 69.00 | 416.19 | 485.19 | OK | |
r-devel-linux-x86_64-fedora-gcc | 0.1-37 | 68.00 | 408.79 | 476.79 | OK | |
r-devel-windows-x86_64 | 0.1-37 | 31.00 | 295.00 | 326.00 | OK | |
r-patched-linux-x86_64 | 0.1-37 | 33.82 | 293.72 | 327.54 | OK | |
r-release-linux-x86_64 | 0.1-37 | 30.47 | 291.11 | 321.58 | OK | |
r-release-macos-arm64 | 0.1-37 | 13.00 | 146.00 | 159.00 | OK | |
r-release-macos-x86_64 | 0.1-37 | 25.00 | 258.00 | 283.00 | OK | |
r-release-windows-x86_64 | 0.1-37 | 33.00 | 291.00 | 324.00 | OK | |
r-oldrel-macos-arm64 | 0.1-37 | 12.00 | 112.00 | 124.00 | OK | |
r-oldrel-macos-x86_64 | 0.1-37 | 25.00 | 259.00 | 284.00 | OK | |
r-oldrel-windows-x86_64 | 0.1-37 | 43.00 | 375.00 | 418.00 | OK |
Version: 0.1-37
Check: HTML version of manual
Result: NOTE
Found the following HTML validation problems:
pffr.check.html:94:1 (pffr.check.Rd:40): Warning: missing </ul> before </div>
qq.pffr.html:93:1 (qq.pffr.Rd:41): Warning: missing </ul> before </div>
Flavor: r-devel-linux-x86_64-debian-clang