Last updated on 2025-11-03 21:50:33 CET.
| Flavor | Version | Tinstall | Tcheck | Ttotal | Status | Flags | 
|---|---|---|---|---|---|---|
| r-devel-linux-x86_64-debian-clang | 0.5 | 3.05 | 50.90 | 53.95 | NOTE | |
| r-devel-linux-x86_64-debian-gcc | 0.5 | 2.51 | 37.64 | 40.15 | NOTE | |
| r-devel-linux-x86_64-fedora-clang | 0.5 | 11.00 | 74.03 | 85.03 | OK | |
| r-devel-linux-x86_64-fedora-gcc | 0.5 | 11.00 | 69.48 | 80.48 | OK | |
| r-devel-windows-x86_64 | 0.5 | 4.00 | 69.00 | 73.00 | OK | |
| r-patched-linux-x86_64 | 0.5 | 2.83 | 47.60 | 50.43 | OK | |
| r-release-linux-x86_64 | 0.5 | 2.95 | 46.85 | 49.80 | OK | |
| r-release-macos-arm64 | 0.5 | 5.00 | ERROR | |||
| r-release-macos-x86_64 | 0.5 | 6.00 | ERROR | |||
| r-release-windows-x86_64 | 0.5 | 4.00 | 60.00 | 64.00 | OK | |
| r-oldrel-macos-arm64 | 0.5 | 9.00 | ERROR | |||
| r-oldrel-macos-x86_64 | 0.5 | 11.00 | ERROR | |||
| r-oldrel-windows-x86_64 | 0.5 | 5.00 | 72.00 | 77.00 | OK | 
Version: 0.5
Check: CRAN incoming feasibility
Result: NOTE
  Maintainer: ‘Pawel Teisseyre <teisseyrep@ipipan.waw.pl>’
  
  No Authors@R field in DESCRIPTION.
  Please add one, modifying
    Authors@R: c(person(given = "Pawel",
                        family = "Teisseyre",
                        role = c("aut", "cre"),
                        email = "teisseyrep@ipipan.waw.pl"),
                 person(given = c("Robert", "A."),
                        family = "Klopotek",
                        role = "aut"))
  as necessary.
Flavors: r-devel-linux-x86_64-debian-clang, r-devel-linux-x86_64-debian-gcc
Version: 0.5
Check: package dependencies
Result: ERROR
  Package required but not available: ‘Rmpi’
  
  See section ‘The DESCRIPTION file’ in the ‘Writing R Extensions’
  manual.
Flavors: r-release-macos-arm64, r-release-macos-x86_64, r-oldrel-macos-arm64, r-oldrel-macos-x86_64