Last updated on 2025-11-20 18:50:07 CET.
| Flavor | Version | Tinstall | Tcheck | Ttotal | Status | Flags |
|---|---|---|---|---|---|---|
| r-devel-linux-x86_64-debian-clang | 1.7-2 | 24.89 | 171.23 | 196.12 | NOTE | |
| r-devel-linux-x86_64-debian-gcc | 1.7-2 | 18.75 | 123.93 | 142.68 | NOTE | |
| r-devel-linux-x86_64-fedora-clang | 1.7-2 | 59.00 | 251.45 | 310.45 | OK | |
| r-devel-linux-x86_64-fedora-gcc | 1.7-2 | 113.00 | 199.72 | 312.72 | OK | |
| r-devel-windows-x86_64 | 1.7-2 | 22.00 | 143.00 | 165.00 | OK | |
| r-patched-linux-x86_64 | 1.7-2 | 27.51 | 165.58 | 193.09 | OK | |
| r-release-linux-x86_64 | 1.7-2 | 26.31 | 164.97 | 191.28 | OK | |
| r-release-macos-arm64 | 1.7-2 | OK | ||||
| r-release-macos-x86_64 | 1.7-2 | 14.00 | 105.00 | 119.00 | OK | |
| r-release-windows-x86_64 | 1.7-2 | 21.00 | 143.00 | 164.00 | OK | |
| r-oldrel-macos-arm64 | 1.7-2 | OK | ||||
| r-oldrel-macos-x86_64 | 1.7-2 | 11.00 | 82.00 | 93.00 | OK | |
| r-oldrel-windows-x86_64 | 1.7-2 | 29.00 | 186.00 | 215.00 | OK |
Version: 1.7-2
Check: CRAN incoming feasibility
Result: NOTE
Maintainer: ‘Mark S. Handcock <handcock@stat.ucla.edu>’
No Authors@R field in DESCRIPTION.
Please add one, modifying
Authors@R: person(given = c("Mark", "S."),
family = "Handcock",
role = c("aut", "cre"),
email = "handcock@stat.ucla.edu")
as necessary.
Flavors: r-devel-linux-x86_64-debian-clang, r-devel-linux-x86_64-debian-gcc