Last updated on 2025-10-21 18:50:02 CEST.
Flavor | Version | Tinstall | Tcheck | Ttotal | Status | Flags |
---|---|---|---|---|---|---|
r-devel-linux-x86_64-debian-clang | 3.8.3 | 15.56 | 132.41 | 147.97 | NOTE | |
r-devel-linux-x86_64-debian-gcc | 3.8.3 | 10.41 | 90.86 | 101.27 | NOTE | |
r-devel-linux-x86_64-fedora-clang | 3.8.3 | 31.00 | 191.21 | 222.21 | OK | |
r-devel-linux-x86_64-fedora-gcc | 3.8.3 | 67.00 | 155.85 | 222.85 | OK | |
r-devel-windows-x86_64 | 3.8.3 | 18.00 | 151.00 | 169.00 | OK | |
r-patched-linux-x86_64 | 3.8.3 | 16.86 | 122.20 | 139.06 | OK | |
r-release-linux-x86_64 | 3.8.3 | 12.53 | 124.16 | 136.69 | OK | |
r-release-macos-arm64 | 3.8.3 | 6.00 | 52.00 | 58.00 | OK | |
r-release-macos-x86_64 | 3.8.3 | 17.00 | 112.00 | 129.00 | OK | |
r-release-windows-x86_64 | 3.8.3 | 21.00 | 151.00 | 172.00 | OK | |
r-oldrel-macos-arm64 | 3.8.3 | 5.00 | 58.00 | 63.00 | OK | |
r-oldrel-macos-x86_64 | 3.8.3 | 17.00 | 117.00 | 134.00 | OK | |
r-oldrel-windows-x86_64 | 3.8.3 | 24.00 | 186.00 | 210.00 | OK |
Version: 3.8.3
Check: HTML version of manual
Result: NOTE
Found the following HTML validation problems:
DownReq.html:117:1 (DownReq.Rd:70): Warning: <h5> anchor "Usage" already defined
DownReq.html:123:1 (DownReq.Rd:74): Warning: <h5> anchor "Arguments" already defined
DownReq.html:148:1 (DownReq.Rd:89): Warning: <h5> anchor "Usage" already defined
DownReq.html:154:1 (DownReq.Rd:93): Warning: <h5> anchor "Returns" already defined
DownReq.html:171:1 (DownReq.Rd:102): Warning: <h5> anchor "Usage" already defined
DownReq.html:177:1 (DownReq.Rd:106): Warning: <h5> anchor "Returns" already defined
DownReq.html:194:1 (DownReq.Rd:115): Warning: <h5> anchor "Usage" already defined
DownReq.html:200:1 (DownReq.Rd:119): Warning: <h5> anchor "Arguments" already defined
GbifQueue.html:120:1 (GbifQueue.Rd:91): Warning: <h5> anchor "Usage" already defined
GbifQueue.html:126:1 (GbifQueue.Rd:95): Warning: <h5> anchor "Arguments" already defined
GbifQueue.html:159:1 (GbifQueue.Rd:114): Warning: <h5> anchor "Usage" already defined
GbifQueue.html:165:1 (GbifQueue.Rd:118): Warning: <h5> anchor "Arguments" already defined
GbifQueue.html:178:1 (GbifQueue.Rd:125): Warning: <h5> anchor "Returns" already defined
GbifQueue.html:195:1 (GbifQueue.Rd:134): Warning: <h5> anchor "Usage" already defined
GbifQueue.html:201:1 (GbifQueue.Rd:138): Warning: <h5> anchor "Returns" already defined
GbifQueue.html:218:1 (GbifQueue.Rd:147): Warning: <h5> anchor "Usage" already defined
GbifQueue.html:224:1 (GbifQueue.Rd:151): Warning: <h5> anchor "Arguments" already defined
GbifQueue.html:237:1 (GbifQueue.Rd:158): Warning: <h5> anchor "Returns" already defined
GbifQueue.html:255:1 (GbifQueue.Rd:168): Warning: <h5> anchor "Usage" already defined
GbifQueue.html:261:1 (GbifQueue.Rd:172): Warning: <h5> anchor "Returns" already defined
GbifQueue.html:279:1 (GbifQueue.Rd:182): Warning: <h5> anchor "Usage" already defined
GbifQueue.html:285:1 (GbifQueue.Rd:186): Warning: <h5> anchor "Returns" already defined
GbifQueue.html:302:1 (GbifQueue.Rd:195): Warning: <h5> anchor "Usage" already defined
GbifQueue.html:308:1 (GbifQueue.Rd:199): Warning: <h5> anchor "Returns" already defined
GbifQueue.html:325:1 (GbifQueue.Rd:208): Warning: <h5> anchor "Usage" already defined
GbifQueue.html:331:1 (GbifQueue.Rd:212): Warning: <h5> anchor "Arguments" already defined
occ_spellcheck-defunct.html:46:1 (occ_spellcheck-defunct.Rd:10): Warning: missing </ul> before </div>
Flavors: r-devel-linux-x86_64-debian-clang, r-devel-linux-x86_64-debian-gcc