CRAN Package Check Results for Package rgdax

Last updated on 2025-10-21 18:50:02 CEST.

Flavor Version Tinstall Tcheck Ttotal Status Flags
r-devel-linux-x86_64-debian-clang 1.2.1 3.49 34.59 38.08 NOTE
r-devel-linux-x86_64-debian-gcc 1.2.1 2.41 26.46 28.87 NOTE
r-devel-linux-x86_64-fedora-clang 1.2.1 54.47 NOTE
r-devel-linux-x86_64-fedora-gcc 1.2.1 16.00 39.64 55.64 NOTE
r-devel-windows-x86_64 1.2.1 5.00 54.00 59.00 NOTE
r-patched-linux-x86_64 1.2.1 3.56 32.79 36.35 NOTE
r-release-linux-x86_64 1.2.1 3.13 32.69 35.82 NOTE
r-release-macos-arm64 1.2.1 2.00 22.00 24.00 NOTE
r-release-macos-x86_64 1.2.1 3.00 43.00 46.00 NOTE
r-release-windows-x86_64 1.2.1 5.00 56.00 61.00 NOTE
r-oldrel-macos-arm64 1.2.1 2.00 19.00 21.00 NOTE
r-oldrel-macos-x86_64 1.2.1 3.00 26.00 29.00 NOTE
r-oldrel-windows-x86_64 1.2.1 6.00 61.00 67.00 NOTE

Check Details

Version: 1.2.1
Check: package subdirectories
Result: NOTE Problems with news in ‘NEWS.md’: No news entries found. Flavors: r-devel-linux-x86_64-debian-clang, r-devel-linux-x86_64-debian-gcc, r-devel-linux-x86_64-fedora-clang, r-devel-linux-x86_64-fedora-gcc, r-devel-windows-x86_64, r-patched-linux-x86_64, r-release-linux-x86_64, r-release-macos-arm64, r-release-macos-x86_64, r-release-windows-x86_64, r-oldrel-macos-arm64, r-oldrel-macos-x86_64, r-oldrel-windows-x86_64