Last updated on 2025-07-01 06:50:03 CEST.
Flavor | Version | Tinstall | Tcheck | Ttotal | Status | Flags |
---|---|---|---|---|---|---|
r-devel-linux-x86_64-debian-clang | 2.0-5 | 11.19 | 47.93 | 59.12 | NOTE | |
r-devel-linux-x86_64-debian-gcc | 2.0-5 | 7.86 | 36.61 | 44.47 | NOTE | |
r-devel-linux-x86_64-fedora-clang | 2.0-5 | 97.41 | OK | |||
r-devel-linux-x86_64-fedora-gcc | 2.0-5 | 103.48 | OK | |||
r-devel-windows-x86_64 | 2.0-5 | 13.00 | 86.00 | 99.00 | OK | |
r-patched-linux-x86_64 | OK | |||||
r-release-linux-x86_64 | 2.0-5 | 11.00 | 44.54 | 55.54 | OK | |
r-release-macos-arm64 | 2.0-5 | 48.00 | OK | |||
r-release-macos-x86_64 | 2.0-5 | 62.00 | OK | |||
r-release-windows-x86_64 | 2.0-5 | 15.00 | 85.00 | 100.00 | OK | |
r-oldrel-macos-arm64 | 2.0-5 | 48.00 | OK | |||
r-oldrel-macos-x86_64 | 2.0-5 | 81.00 | OK | |||
r-oldrel-windows-x86_64 | 2.0-5 | 16.00 | 104.00 | 120.00 | OK |
Version: 2.0-5
Check: DESCRIPTION meta-information
Result: NOTE
Author field differs from that derived from Authors@R
Author: ‘Michal Bojanowski [aut, cre] (<https://orcid.org/0000-0001-7503-852X>, Kozminski University), David Schoch [aut] (<https://orcid.org/0000-0003-2952-4812>)’
Authors@R: ‘Michal Bojanowski [aut, cre] (ORCID: <https://orcid.org/0000-0001-7503-852X>, affil: Kozminski University), David Schoch [aut] (ORCID: <https://orcid.org/0000-0003-2952-4812>)’
Flavors: r-devel-linux-x86_64-debian-clang, r-devel-linux-x86_64-debian-gcc