Last updated on 2025-02-21 06:49:53 CET.
Flavor | Version | Tinstall | Tcheck | Ttotal | Status | Flags |
---|---|---|---|---|---|---|
r-devel-linux-x86_64-debian-clang | 0.6.0 | 70.09 | 406.20 | 476.29 | OK | |
r-devel-linux-x86_64-debian-gcc | 0.6.0 | 51.71 | 276.13 | 327.84 | OK | |
r-devel-linux-x86_64-fedora-clang | 0.6.0 | 766.52 | OK | |||
r-devel-linux-x86_64-fedora-gcc | 0.6.0 | 751.01 | OK | |||
r-devel-macos-arm64 | 0.6.0 | 5.00 | ERROR | |||
r-devel-macos-x86_64 | 0.6.0 | 223.00 | OK | |||
r-devel-windows-x86_64 | 0.6.0 | 67.00 | 328.00 | 395.00 | OK | |
r-patched-linux-x86_64 | 0.6.0 | 64.86 | 375.82 | 440.68 | OK | |
r-release-linux-x86_64 | 0.6.0 | 65.11 | 371.75 | 436.86 | OK | |
r-release-macos-arm64 | 0.6.0 | 146.00 | OK | |||
r-release-macos-x86_64 | 0.6.0 | 259.00 | OK | |||
r-release-windows-x86_64 | 0.6.0 | 69.00 | 321.00 | 390.00 | OK | |
r-oldrel-macos-arm64 | 0.5.0 | 164.00 | OK | |||
r-oldrel-macos-x86_64 | 0.6.0 | 338.00 | OK | |||
r-oldrel-windows-x86_64 | 0.6.0 | 92.00 | 437.00 | 529.00 | OK |
Version: 0.6.0
Check: package dependencies
Result: ERROR
Package required but not available: ‘terra’
See section ‘The DESCRIPTION file’ in the ‘Writing R Extensions’
manual.
Flavor: r-devel-macos-arm64