CRAN Package Check Results for Package rlist

Last updated on 2025-10-21 07:49:49 CEST.

Flavor Version Tinstall Tcheck Ttotal Status Flags
r-devel-linux-x86_64-debian-clang 0.4.6.2 3.77 40.26 44.03 NOTE
r-devel-linux-x86_64-debian-gcc 0.4.6.2 2.63 30.52 33.15 NOTE
r-devel-linux-x86_64-fedora-clang 0.4.6.2 62.42 OK
r-devel-linux-x86_64-fedora-gcc 0.4.6.2 63.88 OK
r-devel-windows-x86_64 0.4.6.2 7.00 66.00 73.00 OK
r-patched-linux-x86_64 0.4.6.2 4.81 36.96 41.77 OK
r-release-linux-x86_64 0.4.6.2 3.61 36.68 40.29 OK
r-release-macos-arm64 0.4.6.2 24.00 OK
r-release-macos-x86_64 0.4.6.2 41.00 OK
r-release-windows-x86_64 0.4.6.2 7.00 68.00 75.00 OK
r-oldrel-macos-arm64 0.4.6.2 28.00 OK
r-oldrel-macos-x86_64 0.4.6.2 35.00 OK
r-oldrel-windows-x86_64 0.4.6.2 7.00 77.00 84.00 OK

Check Details

Version: 0.4.6.2
Check: CRAN incoming feasibility
Result: NOTE Maintainer: ‘Kun Ren <ken@renkun.me>’ No Authors@R field in DESCRIPTION. Please add one, modifying Authors@R: person(given = "Kun", family = "Ren", role = c("aut", "cre"), email = "ken@renkun.me") as necessary. Flavors: r-devel-linux-x86_64-debian-clang, r-devel-linux-x86_64-debian-gcc

Version: 0.4.6.2
Check: HTML version of manual
Result: NOTE Found the following HTML validation problems: args_env.html:50:1 (args_env.Rd:12): Warning: missing </ul> before </div> args_list.html:46:1 (args_list.Rd:10): Warning: missing </ul> before </div> callwith.html:62:1 (callwith.Rd:18): Warning: missing </ul> before </div> contains.html:50:1 (contains.Rd:12): Warning: missing </ul> before </div> dot-evalwith.html:48:1 (dot-evalwith.Rd:11): Warning: missing </ul> before </div> dots.html:46:1 (dots.Rd:10): Warning: missing </ul> before </div> list.apply.html:54:1 (list.apply.Rd:14): Warning: missing </ul> before </div> Flavor: r-devel-linux-x86_64-debian-gcc