Last updated on 2025-04-14 18:50:28 CEST.
Flavor | Version | Tinstall | Tcheck | Ttotal | Status | Flags |
---|---|---|---|---|---|---|
r-devel-linux-x86_64-debian-clang | 1.0.0 | 5.54 | 57.82 | 63.36 | OK | |
r-devel-linux-x86_64-debian-gcc | 1.0.0 | 3.28 | 43.44 | 46.72 | OK | |
r-devel-linux-x86_64-fedora-clang | 1.0.0 | 99.05 | OK | |||
r-devel-linux-x86_64-fedora-gcc | 1.0.0 | 114.89 | OK | |||
r-devel-windows-x86_64 | 1.0.0 | 7.00 | 80.00 | 87.00 | OK | |
r-patched-linux-x86_64 | 1.0.0 | 6.91 | 56.31 | 63.22 | OK | |
r-release-linux-x86_64 | 1.0.0 | 4.06 | 56.23 | 60.29 | OK | |
r-release-macos-arm64 | 1.0.0 | 47.00 | OK | |||
r-release-macos-x86_64 | 1.0.0 | 77.00 | OK | |||
r-release-windows-x86_64 | 1.0.0 | 8.00 | 93.00 | 101.00 | NOTE | |
r-oldrel-macos-arm64 | 1.0.0 | 42.00 | NOTE | |||
r-oldrel-macos-x86_64 | 1.0.0 | 62.00 | NOTE | |||
r-oldrel-windows-x86_64 | 1.0.0 | 8.00 | 93.00 | 101.00 | NOTE |
Version: 1.0.0
Check: package dependencies
Result: NOTE
Package suggested but not available for checking: 'rnaturalearthhires'
Flavors: r-release-windows-x86_64, r-oldrel-macos-arm64, r-oldrel-macos-x86_64, r-oldrel-windows-x86_64