Last updated on 2025-11-12 19:52:01 CET.
| Flavor | Version | Tinstall | Tcheck | Ttotal | Status | Flags |
|---|---|---|---|---|---|---|
| r-devel-linux-x86_64-debian-clang | 1.1-2 | 359.85 | 202.04 | 561.89 | OK | |
| r-devel-linux-x86_64-debian-gcc | 1.1-2 | 318.07 | 172.33 | 490.40 | OK | |
| r-devel-linux-x86_64-fedora-clang | 1.1-2 | 720.00 | 151.35 | 871.35 | OK | |
| r-devel-linux-x86_64-fedora-gcc | 1.1-2 | 1740.00 | -570.24 | 1169.76 | OK | |
| r-devel-windows-x86_64 | 1.1-2 | 416.00 | 229.00 | 645.00 | OK | |
| r-patched-linux-x86_64 | 1.1-2 | 419.62 | 228.72 | 648.34 | OK | |
| r-release-linux-x86_64 | 1.1-2 | 428.13 | 230.45 | 658.58 | OK | |
| r-release-macos-arm64 | 1.1-2 | 131.00 | 47.00 | 178.00 | OK | |
| r-release-macos-x86_64 | 1.1-2 | 216.00 | 96.00 | 312.00 | OK | |
| r-release-windows-x86_64 | 1.1-2 | 400.00 | 227.00 | 627.00 | OK | |
| r-oldrel-macos-arm64 | 1.1-2 | 157.00 | 72.00 | 229.00 | NOTE | |
| r-oldrel-macos-x86_64 | 1.1-2 | 207.00 | 122.00 | 329.00 | NOTE | |
| r-oldrel-windows-x86_64 | 1.1-2 | 466.00 | 299.00 | 765.00 | NOTE |
Version: 1.1-2
Check: package dependencies
Result: NOTE
Package suggested but not available for checking: ‘cmdstanr’
Flavors: r-oldrel-macos-arm64, r-oldrel-macos-x86_64, r-oldrel-windows-x86_64
Version: 1.1-2
Check: installed package size
Result: NOTE
installed size is 84.5Mb
sub-directories of 1Mb or more:
libs 83.9Mb
Flavors: r-oldrel-macos-arm64, r-oldrel-macos-x86_64
Version: 1.1-2
Check: Rd cross-references
Result: NOTE
Package unavailable to check Rd xrefs: ‘cmdstanr’
Flavors: r-oldrel-macos-arm64, r-oldrel-macos-x86_64, r-oldrel-windows-x86_64
Version: 1.1-2
Check: for GNU extensions in Makefiles
Result: NOTE
GNU make is a SystemRequirements.
Flavors: r-oldrel-macos-arm64, r-oldrel-macos-x86_64, r-oldrel-windows-x86_64