Last updated on 2025-02-21 19:50:38 CET.
Flavor | Version | Tinstall | Tcheck | Ttotal | Status | Flags |
---|---|---|---|---|---|---|
r-devel-linux-x86_64-debian-clang | 2.1.0.6 | 9.02 | 118.22 | 127.24 | OK | |
r-devel-linux-x86_64-debian-gcc | 2.1.0.6 | 6.50 | 88.66 | 95.16 | OK | |
r-devel-linux-x86_64-fedora-clang | 2.1.0.6 | 194.60 | OK | |||
r-devel-linux-x86_64-fedora-gcc | 2.1.0.6 | 201.95 | OK | |||
r-devel-macos-arm64 | 2.1.0.6 | 119.00 | OK | |||
r-devel-macos-x86_64 | 2.1.0.6 | 153.00 | NOTE | |||
r-devel-windows-x86_64 | 2.1.0.6 | 10.00 | 162.00 | 172.00 | OK | |
r-patched-linux-x86_64 | 2.1.0.6 | 8.03 | 114.11 | 122.14 | OK | |
r-release-linux-x86_64 | 2.1.0.6 | 8.78 | 112.02 | 120.80 | OK | |
r-release-macos-arm64 | 2.1.0.6 | 118.00 | OK | |||
r-release-macos-x86_64 | 2.1.0.6 | 174.00 | OK | |||
r-release-windows-x86_64 | 2.1.0.6 | 11.00 | 322.00 | 333.00 | OK | |
r-oldrel-macos-arm64 | 2.1.0.6 | 143.00 | OK | |||
r-oldrel-macos-x86_64 | 2.1.0.6 | 245.00 | OK | |||
r-oldrel-windows-x86_64 | 2.1.0.6 | 14.00 | 207.00 | 221.00 | OK |
Version: 2.1.0.6
Check: re-building of vignette outputs
Result: NOTE
Note: skipping ‘rnrfa-vignette.Rmd’ due to unavailable dependencies: 'DT'
Flavor: r-devel-macos-x86_64