Last updated on 2025-10-22 07:50:29 CEST.
Flavor | Version | Tinstall | Tcheck | Ttotal | Status | Flags |
---|---|---|---|---|---|---|
r-devel-linux-x86_64-debian-clang | 7.3.3 | 18.11 | 128.56 | 146.67 | NOTE | |
r-devel-linux-x86_64-debian-gcc | 7.3.3 | 13.97 | 91.08 | 105.05 | NOTE | |
r-devel-linux-x86_64-fedora-clang | 7.3.3 | 50.00 | 188.31 | 238.31 | OK | |
r-devel-linux-x86_64-fedora-gcc | 7.3.3 | 50.00 | 192.25 | 242.25 | OK | |
r-devel-windows-x86_64 | 7.3.3 | 27.00 | 142.00 | 169.00 | OK | |
r-patched-linux-x86_64 | 7.3.3 | 21.33 | 120.53 | 141.86 | OK | |
r-release-linux-x86_64 | 7.3.3 | 19.66 | 120.50 | 140.16 | OK | |
r-release-macos-arm64 | 7.3.3 | 9.00 | 62.00 | 71.00 | OK | |
r-release-macos-x86_64 | 7.3.3 | 15.00 | 129.00 | 144.00 | OK | |
r-release-windows-x86_64 | 7.3.3 | 29.00 | 143.00 | 172.00 | OK | |
r-oldrel-macos-arm64 | 7.3.3 | 9.00 | 70.00 | 79.00 | OK | |
r-oldrel-macos-x86_64 | 7.3.3 | 14.00 | 123.00 | 137.00 | OK | |
r-oldrel-windows-x86_64 | 7.3.3 | 33.00 | 170.00 | 203.00 | OK |
Version: 7.3.3
Check: HTML version of manual
Result: NOTE
Found the following HTML validation problems:
RoxyTopic.html:491:1 (RoxyTopic.Rd:269): Warning: missing </ul> before </div>
RoxyTopic.html:137:1 (RoxyTopic.Rd:64): Warning: <h5> anchor "Usage" already defined
RoxyTopic.html:143:1 (RoxyTopic.Rd:68): Warning: <h5> anchor "Returns" already defined
RoxyTopic.html:160:1 (RoxyTopic.Rd:77): Warning: <h5> anchor "Usage" already defined
RoxyTopic.html:166:1 (RoxyTopic.Rd:81): Warning: <h5> anchor "Arguments" already defined
RoxyTopic.html:179:1 (RoxyTopic.Rd:88): Warning: <h5> anchor "Returns" already defined
RoxyTopic.html:196:1 (RoxyTopic.Rd:97): Warning: <h5> anchor "Usage" already defined
RoxyTopic.html:202:1 (RoxyTopic.Rd:101): Warning: <h5> anchor "Arguments" already defined
RoxyTopic.html:215:1 (RoxyTopic.Rd:108): Warning: <h5> anchor "Returns" already defined
RoxyTopic.html:234:1 (RoxyTopic.Rd:119): Warning: <h5> anchor "Usage" already defined
RoxyTopic.html:240:1 (RoxyTopic.Rd:123): Warning: <h5> anchor "Arguments" already defined
RoxyTopic.html:253:1 (RoxyTopic.Rd:130): Warning: <h5> anchor "Returns" already defined
RoxyTopic.html:270:1 (RoxyTopic.Rd:139): Warning: <h5> anchor "Usage" already defined
RoxyTopic.html:276:1 (RoxyTopic.Rd:143): Warning: <h5> anchor "Arguments" already defined
RoxyTopic.html:289:1 (RoxyTopic.Rd:150): Warning: <h5> anchor "Returns" already defined
RoxyTopic.html:307:1 (RoxyTopic.Rd:160): Warning: <h5> anchor "Usage" already defined
RoxyTopic.html:313:1 (RoxyTopic.Rd:164): Warning: <h5> anchor "Returns" already defined
RoxyTopic.html:330:1 (RoxyTopic.Rd:173): Warning: <h5> anchor "Usage" already defined
RoxyTopic.html:336:1 (RoxyTopic.Rd:177): Warning: <h5> anchor "Arguments" already defined
RoxyTopic.html:349:1 (RoxyTopic.Rd:184): Warning: <h5> anchor "Returns" already defined
RoxyTopic.html:366:1 (RoxyTopic.Rd:193): Warning: <h5> anchor "Usage" already defined
RoxyTopic.html:372:1 (RoxyTopic.Rd:197): Warning: <h5> anchor "Returns" already defined
RoxyTopic.html:389:1 (RoxyTopic.Rd:206): Warning: <h5> anchor "Usage" already defined
RoxyTopic.html:395:1 (RoxyTopic.Rd:210): Warning: <h5> anchor "Arguments" already defined
RoxyTopic.html:426:1 (RoxyTopic.Rd:231): Warning: <h5> anchor "Usage" already defined
RoxyTopic.html:432:1 (RoxyTopic.Rd:235): Warning: <h5> anchor "Arguments" already defined
RoxyTopic.html:468:1 (RoxyTopic.Rd:258): Warning: <h5> anchor "Usage" already defined
RoxyTopic.html:474:1 (RoxyTopic.Rd:262): Warning: <h5> anchor "Arguments" already defined
is_s3_generic.html:57:1 (is_s3_generic.Rd:15): Warning: missing </ul> before </div>
load.html:79:1 (load.Rd:17): Warning: missing </ul> before </div>
object.html:52:1 (object.Rd:13): Warning: missing </ul> before </div>
roc_proc_text.html:54:1 (roc_proc_text.Rd:14): Warning: missing </ul> before </div>
roclet.html:106:1 (roclet.Rd:57): Warning: missing </ul> before </div>
Flavors: r-devel-linux-x86_64-debian-clang, r-devel-linux-x86_64-debian-gcc