Last updated on 2025-10-22 21:50:17 CEST.
Flavor | Version | Tinstall | Tcheck | Ttotal | Status | Flags |
---|---|---|---|---|---|---|
r-devel-linux-x86_64-debian-clang | 0.1.2 | 3.54 | 42.02 | 45.56 | NOTE | |
r-devel-linux-x86_64-debian-gcc | 0.1.2 | 2.95 | 31.71 | 34.66 | OK | |
r-devel-linux-x86_64-fedora-clang | 0.1.2 | 67.24 | OK | |||
r-devel-linux-x86_64-fedora-gcc | 0.1.2 | 10.00 | 56.28 | 66.28 | OK | |
r-devel-windows-x86_64 | 0.1.2 | 7.00 | 61.00 | 68.00 | OK | |
r-patched-linux-x86_64 | 0.1.2 | 4.86 | 39.34 | 44.20 | OK | |
r-release-linux-x86_64 | 0.1.2 | 3.95 | 38.82 | 42.77 | OK | |
r-release-macos-arm64 | 0.1.2 | 3.00 | 25.00 | 28.00 | OK | |
r-release-macos-x86_64 | 0.1.2 | 4.00 | 50.00 | 54.00 | OK | |
r-release-windows-x86_64 | 0.1.2 | 6.00 | 61.00 | 67.00 | OK | |
r-oldrel-macos-arm64 | 0.1.2 | 2.00 | 21.00 | 23.00 | OK | |
r-oldrel-macos-x86_64 | 0.1.2 | 3.00 | 36.00 | 39.00 | OK | |
r-oldrel-windows-x86_64 | 0.1.2 | 8.00 | 70.00 | 78.00 | OK |
Version: 0.1.2
Check: HTML version of manual
Result: NOTE
Found the following HTML validation problems:
regex_capture.html:55:1 (regex_capture.Rd:14): Warning: missing </ul> before </div>
try_parse_typed.html:46:1 (try_parse_typed.Rd:10): Warning: missing </ul> before </div>
try_parse_typedreturn.html:46:1 (try_parse_typedreturn.Rd:10): Warning: missing </ul> before </div>
Flavor: r-devel-linux-x86_64-debian-clang