Last updated on 2025-10-22 21:50:17 CEST.
Flavor | Version | Tinstall | Tcheck | Ttotal | Status | Flags |
---|---|---|---|---|---|---|
r-devel-linux-x86_64-debian-clang | 0.9.23 | 4.26 | 142.62 | 146.88 | NOTE | |
r-devel-linux-x86_64-debian-gcc | 0.9.23 | 3.03 | 100.14 | 103.17 | OK | |
r-devel-linux-x86_64-fedora-clang | 0.9.23 | 233.03 | OK | |||
r-devel-linux-x86_64-fedora-gcc | 0.9.23 | 239.90 | OK | |||
r-devel-windows-x86_64 | 0.9.23 | 5.00 | 181.00 | 186.00 | OK | |
r-patched-linux-x86_64 | 0.9.23 | 3.66 | 139.85 | 143.51 | OK | |
r-release-linux-x86_64 | 0.9.23 | 3.88 | 140.35 | 144.23 | OK | |
r-release-macos-arm64 | 0.9.23 | 2.00 | 78.00 | 80.00 | OK | |
r-release-macos-x86_64 | 0.9.23 | 7.00 | 185.00 | 192.00 | OK | |
r-release-windows-x86_64 | 0.9.23 | 5.00 | 184.00 | 189.00 | OK | |
r-oldrel-macos-arm64 | 0.9.23 | 5.00 | 76.00 | 81.00 | OK | |
r-oldrel-macos-x86_64 | 0.9.23 | 6.00 | 299.00 | 305.00 | OK | |
r-oldrel-windows-x86_64 | 0.9.23 | 7.00 | 214.00 | 221.00 | OK |
Version: 0.9.23
Check: HTML version of manual
Result: NOTE
Found the following HTML validation problems:
LRT_nongaussian.html:62:1 (LRT_nongaussian.Rd:18): Warning: missing </ul> before </div>
bootstrap_nongaussian.html:105:1 (bootstrap_nongaussian.Rd:47): Warning: missing </ul> before </div>
group_vars.html:56:1 (group_vars.Rd:15): Warning: missing </ul> before </div>
permut_nongaussian.html:105:1 (permut_nongaussian.Rd:47): Warning: missing </ul> before </div>
with_warnings.html:48:1 (with_warnings.Rd:11): Warning: missing </ul> before </div>
Flavor: r-devel-linux-x86_64-debian-clang