Last updated on 2025-10-31 06:50:57 CET.
| Flavor | Version | Tinstall | Tcheck | Ttotal | Status | Flags | 
|---|---|---|---|---|---|---|
| r-devel-linux-x86_64-debian-clang | 4.6.3 | 2.52 | 27.36 | 29.88 | NOTE | |
| r-devel-linux-x86_64-debian-gcc | 4.6.3 | 2.03 | 22.34 | 24.37 | NOTE | |
| r-devel-linux-x86_64-fedora-clang | 4.6.3 | 44.59 | OK | |||
| r-devel-linux-x86_64-fedora-gcc | 4.6.3 | 41.68 | OK | |||
| r-devel-windows-x86_64 | 4.6.3 | 4.00 | 49.00 | 53.00 | OK | |
| r-patched-linux-x86_64 | 4.6.3 | 3.06 | 26.65 | 29.71 | OK | |
| r-release-linux-x86_64 | 4.6.3 | 2.69 | 26.47 | 29.16 | OK | |
| r-release-macos-arm64 | 4.6.3 | 2.00 | 20.00 | 22.00 | OK | |
| r-release-macos-x86_64 | 4.6.3 | 3.00 | 32.00 | 35.00 | OK | |
| r-release-windows-x86_64 | 4.6.3 | 4.00 | 55.00 | 59.00 | OK | |
| r-oldrel-macos-arm64 | 4.6.3 | 2.00 | 22.00 | 24.00 | OK | |
| r-oldrel-macos-x86_64 | 4.6.3 | 2.00 | 24.00 | 26.00 | OK | |
| r-oldrel-windows-x86_64 | 4.6.3 | 4.00 | 51.00 | 55.00 | OK | 
Version: 4.6.3
Check: CRAN incoming feasibility
Result: NOTE
  Maintainer: ‘Jeffrey Endelman <endelman@wisc.edu>’
  
  No Authors@R field in DESCRIPTION.
  Please add one, modifying
    Authors@R: person(given = "Jeffrey",
                      family = "Endelman",
                      role = c("aut", "cre"),
                      email = "endelman@wisc.edu")
  as necessary.
Flavors: r-devel-linux-x86_64-debian-clang, r-devel-linux-x86_64-debian-gcc