Last updated on 2025-04-29 18:50:54 CEST.
Flavor | Version | Tinstall | Tcheck | Ttotal | Status | Flags |
---|---|---|---|---|---|---|
r-devel-linux-x86_64-debian-clang | 2.1.2 | 15.16 | 108.08 | 123.24 | NOTE | |
r-devel-linux-x86_64-debian-gcc | 2.1.2 | 10.77 | 73.37 | 84.14 | NOTE | |
r-devel-linux-x86_64-fedora-clang | 2.1.2 | 185.59 | OK | |||
r-devel-linux-x86_64-fedora-gcc | 2.1.2 | 171.33 | OK | |||
r-devel-windows-x86_64 | 2.1.2 | 16.00 | 116.00 | 132.00 | OK | |
r-patched-linux-x86_64 | 2.1.2 | 15.71 | 101.15 | 116.86 | OK | |
r-release-linux-x86_64 | 2.1.2 | 12.94 | 99.09 | 112.03 | OK | |
r-release-macos-arm64 | 2.1.2 | 54.00 | OK | |||
r-release-macos-x86_64 | 2.1.2 | 95.00 | OK | |||
r-release-windows-x86_64 | 2.1.2 | 16.00 | 120.00 | 136.00 | OK | |
r-oldrel-macos-arm64 | 2.1.2 | 46.00 | OK | |||
r-oldrel-macos-x86_64 | 2.1.2 | 70.00 | OK | |||
r-oldrel-windows-x86_64 | 2.1.2 | 20.00 | 144.00 | 164.00 | OK |
Version: 2.1.2
Check: CRAN incoming feasibility
Result: NOTE
Maintainer: ‘Matthias Greiner <matthias.greiner@bfr.bund.de>’
Found the following \keyword or \concept entries
which likely give several index terms:
File ‘rriskDistributions-package.Rd’:
\concept{
Beta, Normal, Lognormal, Cauhy, Chi-Quad [TRUNCATED]
Flavors: r-devel-linux-x86_64-debian-clang, r-devel-linux-x86_64-debian-gcc