CRAN Package Check Results for Package rslp

Last updated on 2025-10-22 07:50:29 CEST.

Flavor Version Tinstall Tcheck Ttotal Status Flags
r-devel-linux-x86_64-debian-clang 0.2.0 1.81 27.56 29.37 NOTE
r-devel-linux-x86_64-debian-gcc 0.2.0 1.39 22.14 23.53 NOTE
r-devel-linux-x86_64-fedora-clang 0.2.0 41.81 OK
r-devel-linux-x86_64-fedora-gcc 0.2.0 39.62 OK
r-devel-windows-x86_64 0.2.0 4.00 46.00 50.00 OK
r-patched-linux-x86_64 0.2.0 2.00 25.24 27.24 OK
r-release-linux-x86_64 0.2.0 1.75 25.21 26.96 OK
r-release-macos-arm64 0.2.0 1.00 20.00 21.00 OK
r-release-macos-x86_64 0.2.0 2.00 30.00 32.00 OK
r-release-windows-x86_64 0.2.0 3.00 48.00 51.00 OK
r-oldrel-macos-arm64 0.2.0 1.00 17.00 18.00 NOTE
r-oldrel-macos-x86_64 0.2.0 1.00 23.00 24.00 NOTE
r-oldrel-windows-x86_64 0.2.0 4.00 52.00 56.00 NOTE

Check Details

Version: 0.2.0
Check: HTML version of manual
Result: NOTE Found the following HTML validation problems: apply_rules.html:55:1 (apply_rules.Rd:15): Warning: missing </ul> before </div> extract_raw_rules.html:46:1 (extract_raw_rules.Rd:10): Warning: missing </ul> before </div> extract_replacement_rules.html:46:1 (extract_replacement_rules.Rd:10): Warning: missing </ul> before </div> extract_rule_info.html:46:1 (extract_rule_info.Rd:10): Warning: missing </ul> before </div> extract_rules.html:51:1 (extract_rules.Rd:10): Warning: missing </ul> before </div> extract_rules_info.html:46:1 (extract_rules_info.Rd:10): Warning: missing </ul> before </div> remove_accents.html:46:1 (remove_accents.Rd:10): Warning: missing </ul> before </div> rslp_.html:53:1 (rslp_.Rd:15): Warning: missing </ul> before </div> verify_sufix.html:51:1 (verify_sufix.Rd:12): Warning: missing </ul> before </div> Flavors: r-devel-linux-x86_64-debian-clang, r-devel-linux-x86_64-debian-gcc

Version: 0.2.0
Check: LazyData
Result: NOTE 'LazyData' is specified without a 'data' directory Flavors: r-oldrel-macos-arm64, r-oldrel-macos-x86_64, r-oldrel-windows-x86_64