Last updated on 2025-02-22 07:51:45 CET.
Flavor | Version | Tinstall | Tcheck | Ttotal | Status | Flags |
---|---|---|---|---|---|---|
r-devel-linux-x86_64-debian-clang | 5.0.0 | 6.95 | 165.50 | 172.45 | OK | |
r-devel-linux-x86_64-debian-gcc | 5.0.0 | 5.54 | 117.42 | 122.96 | OK | |
r-devel-linux-x86_64-fedora-clang | 5.0.0 | 269.08 | NOTE | |||
r-devel-linux-x86_64-fedora-gcc | 5.0.0 | 293.60 | NOTE | |||
r-devel-macos-arm64 | 5.0.0 | 95.00 | OK | |||
r-devel-macos-x86_64 | 5.0.0 | 188.00 | OK | |||
r-devel-windows-x86_64 | 5.0.0 | 9.00 | 193.00 | 202.00 | OK | |
r-patched-linux-x86_64 | 5.0.0 | 8.26 | 155.44 | 163.70 | OK | |
r-release-linux-x86_64 | 5.0.0 | 7.56 | 155.41 | 162.97 | OK | |
r-release-macos-arm64 | 5.0.0 | 87.00 | OK | |||
r-release-macos-x86_64 | 5.0.0 | 132.00 | OK | |||
r-release-windows-x86_64 | 5.0.0 | 9.00 | 192.00 | 201.00 | OK | |
r-oldrel-macos-arm64 | 5.0.0 | 99.00 | OK | |||
r-oldrel-macos-x86_64 | 5.0.0 | 153.00 | OK | |||
r-oldrel-windows-x86_64 | 5.0.0 | 12.00 | 229.00 | 241.00 | OK |
Version: 5.0.0
Check: dependencies in R code
Result: NOTE
Namespaces in Imports field not imported from:
‘DescTools’ ‘MASS’ ‘gridExtra’
All declared Imports should be used.
Flavors: r-devel-linux-x86_64-fedora-clang, r-devel-linux-x86_64-fedora-gcc