Last updated on 2025-11-11 07:51:42 CET.
| Flavor | Version | Tinstall | Tcheck | Ttotal | Status | Flags |
|---|---|---|---|---|---|---|
| r-devel-linux-x86_64-debian-clang | 0.0.7 | 137.74 | 31.28 | 169.02 | OK | |
| r-devel-linux-x86_64-debian-gcc | 0.0.7 | 105.96 | 25.14 | 131.10 | OK | |
| r-devel-linux-x86_64-fedora-clang | 0.0.7 | 107.00 | 152.67 | 259.67 | OK | |
| r-devel-linux-x86_64-fedora-gcc | 0.0.7 | 197.00 | 88.80 | 285.80 | OK | |
| r-devel-windows-x86_64 | 0.0.7 | 108.00 | 86.00 | 194.00 | OK | |
| r-patched-linux-x86_64 | 0.0.7 | 138.12 | 28.86 | 166.98 | OK | |
| r-release-linux-x86_64 | 0.0.7 | 138.24 | 28.83 | 167.07 | OK | |
| r-release-macos-arm64 | 0.0.7 | 50.00 | 20.00 | 70.00 | OK | |
| r-release-macos-x86_64 | 0.0.7 | 61.00 | 30.00 | 91.00 | OK | |
| r-release-windows-x86_64 | 0.0.7 | 115.00 | 87.00 | 202.00 | OK | |
| r-oldrel-macos-arm64 | 0.0.7 | 43.00 | 26.00 | 69.00 | NOTE | |
| r-oldrel-macos-x86_64 | 0.0.7 | 67.00 | 32.00 | 99.00 | NOTE | |
| r-oldrel-windows-x86_64 | 0.0.7 | 113.00 | 103.00 | 216.00 | NOTE |
Version: 0.0.7
Check: installed package size
Result: NOTE
installed size is 12.7Mb
sub-directories of 1Mb or more:
libs 12.6Mb
Flavors: r-oldrel-macos-arm64, r-oldrel-macos-x86_64, r-oldrel-windows-x86_64