Last updated on 2025-02-21 06:49:53 CET.
Flavor | Version | Tinstall | Tcheck | Ttotal | Status | Flags |
---|---|---|---|---|---|---|
r-devel-linux-x86_64-debian-clang | 1.6.12 | 18.14 | 59.13 | 77.27 | OK | |
r-devel-linux-x86_64-debian-gcc | 1.6.12 | 16.02 | 46.97 | 62.99 | OK | |
r-devel-linux-x86_64-fedora-clang | 1.6.12 | 132.00 | OK | |||
r-devel-linux-x86_64-fedora-gcc | 1.6.12 | 149.69 | OK | |||
r-devel-macos-arm64 | 1.6.12 | 56.00 | OK | |||
r-devel-macos-x86_64 | 1.6.12 | 109.00 | OK | |||
r-devel-windows-x86_64 | 1.6.12 | 26.00 | 173.00 | 199.00 | OK | |
r-patched-linux-x86_64 | 1.6.12 | 22.42 | 58.25 | 80.67 | OK | |
r-release-linux-x86_64 | 1.6.12 | 22.23 | 58.10 | 80.33 | OK | |
r-release-macos-arm64 | 1.6.12 | 57.00 | NOTE | |||
r-release-macos-x86_64 | 1.6.12 | 114.00 | NOTE | |||
r-release-windows-x86_64 | 1.6.12 | 27.00 | 171.00 | 198.00 | OK | |
r-oldrel-macos-arm64 | 1.6.12 | 67.00 | NOTE | |||
r-oldrel-macos-x86_64 | 1.6.12 | 153.00 | NOTE | |||
r-oldrel-windows-x86_64 | 1.6.12 | 31.00 | 161.00 | 192.00 | OK |
Version: 1.6.12
Check: installed package size
Result: NOTE
installed size is 6.0Mb
sub-directories of 1Mb or more:
libs 2.4Mb
projects 2.9Mb
Flavors: r-release-macos-arm64, r-release-macos-x86_64, r-oldrel-macos-arm64, r-oldrel-macos-x86_64