Last updated on 2025-02-22 07:51:45 CET.
Flavor | Version | Tinstall | Tcheck | Ttotal | Status | Flags |
---|---|---|---|---|---|---|
r-devel-linux-x86_64-debian-clang | 1.1.0 | 2.84 | 34.29 | 37.13 | OK | |
r-devel-linux-x86_64-debian-gcc | 1.1.0 | 2.20 | 26.03 | 28.23 | OK | |
r-devel-linux-x86_64-fedora-clang | 1.1.0 | 58.36 | NOTE | |||
r-devel-linux-x86_64-fedora-gcc | 1.1.0 | 71.59 | NOTE | |||
r-devel-macos-arm64 | 1.1.0 | 36.00 | OK | |||
r-devel-macos-x86_64 | 1.1.0 | 53.00 | OK | |||
r-devel-windows-x86_64 | 1.1.0 | 4.00 | 60.00 | 64.00 | OK | |
r-patched-linux-x86_64 | 1.1.0 | 2.94 | 32.01 | 34.95 | OK | |
r-release-linux-x86_64 | 1.1.0 | 2.75 | 32.15 | 34.90 | OK | |
r-release-macos-arm64 | 1.1.0 | 31.00 | OK | |||
r-release-macos-x86_64 | 1.1.0 | 89.00 | OK | |||
r-release-windows-x86_64 | 1.1.0 | 5.00 | 59.00 | 64.00 | OK | |
r-oldrel-macos-arm64 | 1.1.0 | 29.00 | OK | |||
r-oldrel-macos-x86_64 | 1.1.0 | 53.00 | OK | |||
r-oldrel-windows-x86_64 | 1.1.0 | 6.00 | 60.00 | 66.00 | OK |
Version: 1.1.0
Check: dependencies in R code
Result: NOTE
Namespace in Imports field not imported from: ‘curl’
All declared Imports should be used.
Flavors: r-devel-linux-x86_64-fedora-clang, r-devel-linux-x86_64-fedora-gcc