CRAN Package Check Results for Package rvHPDT

Last updated on 2025-11-12 07:51:02 CET.

Flavor Version Tinstall Tcheck Ttotal Status Flags
r-devel-linux-x86_64-debian-clang 4.0 3.26 24.39 27.65 NOTE
r-devel-linux-x86_64-debian-gcc 4.0 2.15 18.94 21.09 NOTE
r-devel-linux-x86_64-fedora-clang 4.0 41.04 OK
r-devel-linux-x86_64-fedora-gcc 4.0 41.81 OK
r-devel-windows-x86_64 4.0 4.00 42.00 46.00 OK
r-patched-linux-x86_64 4.0 3.51 23.23 26.74 OK
r-release-linux-x86_64 4.0 3.02 23.45 26.47 OK
r-release-macos-arm64 4.0 2.00 15.00 17.00 OK
r-release-macos-x86_64 4.0 2.00 25.00 27.00 OK
r-release-windows-x86_64 4.0 4.00 43.00 47.00 OK
r-oldrel-macos-arm64 4.0 2.00 15.00 17.00 OK
r-oldrel-macos-x86_64 4.0 3.00 21.00 24.00 OK
r-oldrel-windows-x86_64 4.0 4.00 48.00 52.00 OK

Check Details

Version: 4.0
Check: CRAN incoming feasibility
Result: NOTE Maintainer: ‘Wei Guo <wei.guo3@nih.gov>’ No Authors@R field in DESCRIPTION. Please add one, modifying Authors@R: person(given = "Wei", family = "Guo", role = c("aut", "cre"), email = "wei.guo3@nih.gov") as necessary. Flavors: r-devel-linux-x86_64-debian-clang, r-devel-linux-x86_64-debian-gcc