Last updated on 2025-10-21 07:49:50 CEST.
Flavor | Version | Tinstall | Tcheck | Ttotal | Status | Flags |
---|---|---|---|---|---|---|
r-devel-linux-x86_64-debian-clang | 1.0.5 | 4.91 | 67.76 | 72.67 | OK | |
r-devel-linux-x86_64-debian-gcc | 1.0.5 | 3.94 | 50.84 | 54.78 | NOTE | |
r-devel-linux-x86_64-fedora-clang | 1.0.5 | 109.89 | OK | |||
r-devel-linux-x86_64-fedora-gcc | 1.0.5 | 123.45 | OK | |||
r-devel-windows-x86_64 | 1.0.5 | 8.00 | 84.00 | 92.00 | OK | |
r-patched-linux-x86_64 | 1.0.5 | 5.33 | 63.84 | 69.17 | OK | |
r-release-linux-x86_64 | 1.0.5 | 4.89 | 64.67 | 69.56 | OK | |
r-release-macos-arm64 | 1.0.5 | 46.00 | OK | |||
r-release-macos-x86_64 | 1.0.5 | 84.00 | OK | |||
r-release-windows-x86_64 | 1.0.5 | 8.00 | 87.00 | 95.00 | OK | |
r-oldrel-macos-arm64 | 1.0.5 | 71.00 | OK | |||
r-oldrel-macos-x86_64 | 1.0.5 | 81.00 | OK | |||
r-oldrel-windows-x86_64 | 1.0.5 | 11.00 | 96.00 | 107.00 | OK |
Version: 1.0.5
Check: HTML version of manual
Result: NOTE
Found the following HTML validation problems:
LiveHTML.html:136:1 (LiveHTML.Rd:80): Warning: <h5> anchor "Usage" already defined
LiveHTML.html:142:1 (LiveHTML.Rd:84): Warning: <h5> anchor "Arguments" already defined
LiveHTML.html:165:1 (LiveHTML.Rd:97): Warning: <h5> anchor "Usage" already defined
LiveHTML.html:181:1 (LiveHTML.Rd:107): Warning: <h5> anchor "Usage" already defined
LiveHTML.html:187:1 (LiveHTML.Rd:111): Warning: <h5> anchor "Arguments" already defined
LiveHTML.html:210:1 (LiveHTML.Rd:124): Warning: <h5> anchor "Usage" already defined
LiveHTML.html:216:1 (LiveHTML.Rd:128): Warning: <h5> anchor "Arguments" already defined
LiveHTML.html:241:1 (LiveHTML.Rd:143): Warning: <h5> anchor "Usage" already defined
LiveHTML.html:257:1 (LiveHTML.Rd:153): Warning: <h5> anchor "Usage" already defined
LiveHTML.html:263:1 (LiveHTML.Rd:157): Warning: <h5> anchor "Arguments" already defined
LiveHTML.html:286:1 (LiveHTML.Rd:170): Warning: <h5> anchor "Usage" already defined
LiveHTML.html:292:1 (LiveHTML.Rd:174): Warning: <h5> anchor "Arguments" already defined
LiveHTML.html:315:1 (LiveHTML.Rd:187): Warning: <h5> anchor "Usage" already defined
LiveHTML.html:321:1 (LiveHTML.Rd:191): Warning: <h5> anchor "Arguments" already defined
LiveHTML.html:345:1 (LiveHTML.Rd:205): Warning: <h5> anchor "Usage" already defined
LiveHTML.html:351:1 (LiveHTML.Rd:209): Warning: <h5> anchor "Arguments" already defined
LiveHTML.html:376:1 (LiveHTML.Rd:224): Warning: <h5> anchor "Usage" already defined
LiveHTML.html:382:1 (LiveHTML.Rd:228): Warning: <h5> anchor "Arguments" already defined
LiveHTML.html:411:1 (LiveHTML.Rd:247): Warning: <h5> anchor "Usage" already defined
LiveHTML.html:417:1 (LiveHTML.Rd:251): Warning: <h5> anchor "Arguments" already defined
google_form.html:46:1 (google_form.Rd:10): Warning: missing </ul> before </div>
repair_encoding.html:49:1 (repair_encoding.Rd:11): Warning: missing </ul> before </div>
Flavor: r-devel-linux-x86_64-debian-gcc