CRAN Package Check Results for Package samplingin

Last updated on 2025-10-22 07:50:30 CEST.

Flavor Version Tinstall Tcheck Ttotal Status Flags
r-devel-linux-x86_64-debian-clang 1.1.1 5.46 53.18 58.64 NOTE
r-devel-linux-x86_64-debian-gcc 1.1.1 3.69 38.51 42.20 NOTE
r-devel-linux-x86_64-fedora-clang 1.1.1 13.00 73.57 86.57 NOTE
r-devel-linux-x86_64-fedora-gcc 1.1.1 11.00 85.86 96.86 NOTE
r-devel-windows-x86_64 1.1.1 7.00 63.00 70.00 OK
r-patched-linux-x86_64 1.1.1 5.07 48.23 53.30 OK
r-release-linux-x86_64 1.1.1 4.40 47.88 52.28 OK
r-release-macos-arm64 1.1.1 2.00 33.00 35.00 OK
r-release-macos-x86_64 1.1.1 4.00 71.00 75.00 OK
r-release-windows-x86_64 1.1.1 7.00 72.00 79.00 OK
r-oldrel-macos-arm64 1.1.1 2.00 33.00 35.00 OK
r-oldrel-macos-x86_64 1.1.1 5.00 59.00 64.00 OK
r-oldrel-windows-x86_64 1.1.1 9.00 77.00 86.00 OK

Check Details

Version: 1.1.1
Check: HTML version of manual
Result: NOTE Found the following HTML validation problems: alokasi_dt.html:58:1 (alokasi_dt.Rd:17): Warning: missing </ul> before </div> round_preserve_sum.html:50:1 (round_preserve_sum.Rd:12): Warning: missing </ul> before </div> Flavors: r-devel-linux-x86_64-debian-clang, r-devel-linux-x86_64-debian-gcc

Version: 1.1.1
Check: dependencies in R code
Result: NOTE Namespace in Imports field not imported from: ‘base’ All declared Imports should be used. Flavors: r-devel-linux-x86_64-fedora-clang, r-devel-linux-x86_64-fedora-gcc