CRAN Package Check Results for Package sankeywheel

Last updated on 2025-10-23 18:50:37 CEST.

Flavor Version Tinstall Tcheck Ttotal Status Flags
r-devel-linux-x86_64-debian-clang 0.1.0 2.58 30.16 32.74 NOTE
r-devel-linux-x86_64-debian-gcc 0.1.0 1.92 24.94 26.86 OK
r-devel-linux-x86_64-fedora-clang 0.1.0 49.12 OK
r-devel-linux-x86_64-fedora-gcc 0.1.0 61.66 OK
r-devel-windows-x86_64 0.1.0 5.00 48.00 53.00 OK
r-patched-linux-x86_64 0.1.0 2.41 27.83 30.24 OK
r-release-linux-x86_64 0.1.0 2.45 28.16 30.61 OK
r-release-macos-arm64 0.1.0 1.00 26.00 27.00 OK
r-release-macos-x86_64 0.1.0 3.00 46.00 49.00 OK
r-release-windows-x86_64 0.1.0 6.00 49.00 55.00 OK
r-oldrel-macos-arm64 0.1.0 1.00 25.00 26.00 OK
r-oldrel-macos-x86_64 0.1.0 2.00 35.00 37.00 OK
r-oldrel-windows-x86_64 0.1.0 6.00 55.00 61.00 OK

Check Details

Version: 0.1.0
Check: HTML version of manual
Result: NOTE Found the following HTML validation problems: sankeywheel-shiny.html:68:1 (sankeywheel-shiny.Rd:25): Warning: missing </ul> before </div> Flavor: r-devel-linux-x86_64-debian-clang