Last updated on 2025-02-21 06:49:54 CET.
Flavor | Version | Tinstall | Tcheck | Ttotal | Status | Flags |
---|---|---|---|---|---|---|
r-devel-linux-x86_64-debian-clang | 0.8.0 | 2.40 | 49.30 | 51.70 | NOTE | |
r-devel-linux-x86_64-debian-gcc | 0.8.0 | 1.83 | 34.26 | 36.09 | NOTE | |
r-devel-linux-x86_64-fedora-clang | 0.8.0 | 83.35 | NOTE | |||
r-devel-linux-x86_64-fedora-gcc | 0.8.0 | 93.07 | NOTE | |||
r-devel-macos-arm64 | 0.8.0 | 32.00 | OK | |||
r-devel-macos-x86_64 | 0.8.0 | 64.00 | NOTE | |||
r-devel-windows-x86_64 | 0.8.0 | 4.00 | 66.00 | 70.00 | NOTE | |
r-patched-linux-x86_64 | 0.8.0 | 2.13 | 46.23 | 48.36 | OK | |
r-release-linux-x86_64 | 0.8.0 | 2.38 | 46.33 | 48.71 | OK | |
r-release-macos-arm64 | 0.8.0 | 35.00 | OK | |||
r-release-macos-x86_64 | 0.8.0 | 57.00 | OK | |||
r-release-windows-x86_64 | 0.8.0 | 4.00 | 66.00 | 70.00 | OK | |
r-oldrel-macos-arm64 | 0.8.0 | 50.00 | OK | |||
r-oldrel-macos-x86_64 | 0.8.0 | 55.00 | OK | |||
r-oldrel-windows-x86_64 | 0.8.0 | 5.00 | 84.00 | 89.00 | OK |
Version: 0.8.0
Check: DESCRIPTION meta-information
Result: NOTE
Missing dependency on R >= 4.1.0 because package code uses the pipe
|> or function shorthand \(...) syntax added in R 4.1.0.
File(s) using such syntax:
‘h-fun.R’ ‘mc-test.R’ ‘tshift.R’
Flavors: r-devel-linux-x86_64-debian-clang, r-devel-linux-x86_64-debian-gcc, r-devel-linux-x86_64-fedora-clang, r-devel-linux-x86_64-fedora-gcc, r-devel-macos-x86_64, r-devel-windows-x86_64