Last updated on 2025-02-21 06:49:54 CET.
Flavor | Version | Tinstall | Tcheck | Ttotal | Status | Flags |
---|---|---|---|---|---|---|
r-devel-linux-x86_64-debian-clang | 0.4.9 | 162.76 | 46.56 | 209.32 | OK | |
r-devel-linux-x86_64-debian-gcc | 0.4.9 | 115.09 | 37.55 | 152.64 | OK | |
r-devel-linux-x86_64-fedora-clang | 0.4.9 | 538.61 | OK | |||
r-devel-linux-x86_64-fedora-gcc | 0.4.9 | 430.67 | OK | |||
r-devel-macos-arm64 | 0.4.9 | 108.00 | OK | |||
r-devel-macos-x86_64 | 0.4.9 | 354.00 | OK | |||
r-devel-windows-x86_64 | 0.4.9 | 216.00 | 111.00 | 327.00 | OK | |
r-patched-linux-x86_64 | 0.4.9 | 165.32 | 48.17 | 213.49 | NOTE | |
r-release-linux-x86_64 | 0.4.9 | 173.62 | 47.57 | 221.19 | NOTE | |
r-release-macos-arm64 | 0.4.9 | 118.00 | NOTE | |||
r-release-macos-x86_64 | 0.4.9 | 194.00 | NOTE | |||
r-release-windows-x86_64 | 0.4.9 | 223.00 | 113.00 | 336.00 | NOTE | |
r-oldrel-macos-arm64 | 0.4.9 | 110.00 | NOTE | |||
r-oldrel-macos-x86_64 | 0.4.9 | 340.00 | NOTE | |||
r-oldrel-windows-x86_64 | 0.4.9 | 267.00 | 133.00 | 400.00 | NOTE |
Version: 0.4.9
Check: for GNU extensions in Makefiles
Result: NOTE
GNU make is a SystemRequirements.
Flavors: r-patched-linux-x86_64, r-release-linux-x86_64, r-release-macos-arm64, r-release-macos-x86_64, r-release-windows-x86_64, r-oldrel-macos-arm64, r-oldrel-macos-x86_64, r-oldrel-windows-x86_64
Version: 0.4.9
Check: installed package size
Result: NOTE
installed size is 5.4Mb
sub-directories of 1Mb or more:
doc 1.7Mb
libs 3.3Mb
Flavors: r-release-macos-arm64, r-release-macos-x86_64, r-release-windows-x86_64, r-oldrel-macos-arm64, r-oldrel-macos-x86_64, r-oldrel-windows-x86_64