Last updated on 2025-02-21 19:50:39 CET.
Flavor | Version | Tinstall | Tcheck | Ttotal | Status | Flags |
---|---|---|---|---|---|---|
r-devel-linux-x86_64-debian-clang | 1.3.2 | 3.13 | 40.06 | 43.19 | NOTE | |
r-devel-linux-x86_64-debian-gcc | 1.3.2 | 2.28 | 30.31 | 32.59 | NOTE | |
r-devel-linux-x86_64-fedora-clang | 1.3.2 | 69.11 | OK | |||
r-devel-linux-x86_64-fedora-gcc | 1.3.2 | 79.60 | OK | |||
r-devel-macos-arm64 | 1.3.2 | 33.00 | OK | |||
r-devel-macos-x86_64 | 1.3.2 | 57.00 | OK | |||
r-devel-windows-x86_64 | 1.3.2 | 6.00 | 71.00 | 77.00 | OK | |
r-patched-linux-x86_64 | 1.3.2 | 4.24 | 37.30 | 41.54 | OK | |
r-release-linux-x86_64 | 1.3.2 | 3.38 | 36.49 | 39.87 | OK | |
r-release-macos-arm64 | 1.3.2 | 31.00 | OK | |||
r-release-macos-x86_64 | 1.3.2 | 43.00 | OK | |||
r-release-windows-x86_64 | 1.3.2 | 7.00 | 66.00 | 73.00 | OK | |
r-oldrel-macos-arm64 | 1.3.2 | 37.00 | OK | |||
r-oldrel-macos-x86_64 | 1.3.2 | 68.00 | OK | |||
r-oldrel-windows-x86_64 | 1.3.2 | 7.00 | 98.00 | 105.00 | OK |
Version: 1.3.2
Check: for unstated dependencies in ‘demo’
Result: NOTE
'library' or 'require' calls not declared from:
‘maps’ ‘sp’
Flavors: r-devel-linux-x86_64-debian-clang, r-devel-linux-x86_64-debian-gcc