Last updated on 2025-11-01 05:52:03 CET.
| Flavor | Version | Tinstall | Tcheck | Ttotal | Status | Flags |
|---|---|---|---|---|---|---|
| r-devel-linux-x86_64-debian-clang | 1.0.12 | 68.53 | 573.17 | 641.70 | OK | |
| r-devel-linux-x86_64-debian-gcc | 1.0.12 | 49.91 | 421.72 | 471.63 | OK | |
| r-devel-linux-x86_64-fedora-clang | 1.0.12 | 156.00 | 909.41 | 1065.41 | OK | |
| r-devel-linux-x86_64-fedora-gcc | 1.0.12 | 347.00 | 762.40 | 1109.40 | OK | |
| r-devel-windows-x86_64 | 1.0.12 | 68.00 | 502.00 | 570.00 | OK | |
| r-patched-linux-x86_64 | 1.0.12 | 0.22 | 2.17 | 2.39 | ERROR | |
| r-release-linux-x86_64 | 1.0.12 | 63.75 | 553.50 | 617.25 | OK | |
| r-release-macos-arm64 | 1.0.12 | 34.00 | 223.00 | 257.00 | OK | |
| r-release-macos-x86_64 | 1.0.12 | 74.00 | 256.00 | 330.00 | OK | |
| r-release-windows-x86_64 | 1.0.12 | 68.00 | 504.00 | 572.00 | OK | |
| r-oldrel-macos-arm64 | 1.0.12 | 31.00 | 221.00 | 252.00 | OK | |
| r-oldrel-macos-x86_64 | 1.0.12 | 68.00 | 251.00 | 319.00 | OK | |
| r-oldrel-windows-x86_64 | 1.0.12 | 96.00 | 675.00 | 771.00 | OK |
Version: 1.0.12
Check: package dependencies
Result: ERROR
Package required but not available: ‘GSVA’
See section ‘The DESCRIPTION file’ in the ‘Writing R Extensions’
manual.
Flavor: r-patched-linux-x86_64