Last updated on 2025-10-22 07:50:30 CEST.
Flavor | Version | Tinstall | Tcheck | Ttotal | Status | Flags |
---|---|---|---|---|---|---|
r-devel-linux-x86_64-debian-clang | 2.1.2 | 11.17 | 257.80 | 268.97 | NOTE | |
r-devel-linux-x86_64-debian-gcc | 2.1.2 | 6.90 | 180.33 | 187.23 | NOTE | |
r-devel-linux-x86_64-fedora-clang | 2.1.2 | 24.00 | 373.74 | 397.74 | OK | |
r-devel-linux-x86_64-fedora-gcc | 2.1.2 | 25.00 | 364.54 | 389.54 | OK | |
r-devel-windows-x86_64 | 2.1.2 | 15.00 | 218.00 | 233.00 | OK | |
r-patched-linux-x86_64 | 2.1.2 | 12.23 | 238.62 | 250.85 | OK | |
r-release-linux-x86_64 | 2.1.2 | 10.36 | 237.54 | 247.90 | OK | |
r-release-macos-arm64 | 2.1.2 | 3.00 | 71.00 | 74.00 | OK | |
r-release-macos-x86_64 | 2.1.2 | 8.00 | 167.00 | 175.00 | OK | |
r-release-windows-x86_64 | 2.1.2 | 15.00 | 220.00 | 235.00 | OK | |
r-oldrel-macos-arm64 | 2.1.2 | 4.00 | 84.00 | 88.00 | OK | |
r-oldrel-macos-x86_64 | 2.1.2 | 10.00 | 201.00 | 211.00 | OK | |
r-oldrel-windows-x86_64 | 2.1.2 | 20.00 | 282.00 | 302.00 | OK |
Version: 2.1.2
Check: HTML version of manual
Result: NOTE
Found the following HTML validation problems:
add_relative_skill.html:92:1 (add_relative_skill.Rd:41): Warning: missing </ul> before </div>
clean_forecast.html:58:1 (clean_forecast.Rd:17): Warning: missing </ul> before </div>
Flavors: r-devel-linux-x86_64-debian-clang, r-devel-linux-x86_64-debian-gcc