Last updated on 2025-02-22 07:51:46 CET.
Flavor | Version | Tinstall | Tcheck | Ttotal | Status | Flags |
---|---|---|---|---|---|---|
r-devel-linux-x86_64-debian-clang | 3.2.4 | 8.27 | 20.37 | 28.64 | OK | |
r-devel-linux-x86_64-debian-gcc | 3.2.4 | 8.27 | 17.00 | 25.27 | OK | |
r-devel-linux-x86_64-fedora-clang | 3.2.4 | 45.13 | OK | |||
r-devel-linux-x86_64-fedora-gcc | 3.2.4 | 51.68 | OK | |||
r-devel-macos-arm64 | 3.2.4 | 22.00 | OK | |||
r-devel-macos-x86_64 | 3.2.4 | 45.00 | OK | |||
r-devel-windows-x86_64 | 3.2.4 | 30.00 | 47.00 | 77.00 | OK | |
r-patched-linux-x86_64 | 3.2.4 | 11.20 | 19.80 | 31.00 | NOTE | |
r-release-linux-x86_64 | 3.2.4 | 11.32 | 19.84 | 31.16 | NOTE | |
r-release-macos-arm64 | 3.2.4 | 28.00 | NOTE | |||
r-release-macos-x86_64 | 3.2.4 | 34.00 | NOTE | |||
r-release-windows-x86_64 | 3.2.4 | 30.00 | 45.00 | 75.00 | NOTE | |
r-oldrel-macos-arm64 | 3.2.4 | 22.00 | NOTE | |||
r-oldrel-macos-x86_64 | 3.2.4 | 30.00 | NOTE | |||
r-oldrel-windows-x86_64 | 3.2.4 | 32.00 | 45.00 | 77.00 | NOTE |
Version: 3.2.4
Check: for GNU extensions in Makefiles
Result: NOTE
GNU make is a SystemRequirements.
Flavors: r-patched-linux-x86_64, r-release-linux-x86_64, r-release-macos-arm64, r-release-macos-x86_64, r-release-windows-x86_64, r-oldrel-macos-arm64, r-oldrel-macos-x86_64, r-oldrel-windows-x86_64