CRAN Package Check Results for Package sdtmval

Last updated on 2025-10-21 18:50:04 CEST.

Flavor Version Tinstall Tcheck Ttotal Status Flags
r-devel-linux-x86_64-debian-clang 0.4.1 3.11 43.20 46.31 NOTE
r-devel-linux-x86_64-debian-gcc 0.4.1 2.18 32.84 35.02 NOTE
r-devel-linux-x86_64-fedora-clang 0.4.1 66.62 NOTE
r-devel-linux-x86_64-fedora-gcc 0.4.1 79.37 NOTE
r-devel-windows-x86_64 0.4.1 5.00 68.00 73.00 NOTE
r-patched-linux-x86_64 0.4.1 3.34 40.09 43.43 NOTE
r-release-linux-x86_64 0.4.1 2.92 40.21 43.13 NOTE
r-release-macos-arm64 0.4.1 1.00 36.00 37.00 NOTE
r-release-macos-x86_64 0.4.1 2.00 51.00 53.00 OK
r-release-windows-x86_64 0.4.1 4.00 69.00 73.00 NOTE
r-oldrel-macos-arm64 0.4.1 2.00 30.00 32.00 OK
r-oldrel-macos-x86_64 0.4.1 2.00 46.00 48.00 OK
r-oldrel-windows-x86_64 0.4.1 6.00 77.00 83.00 OK

Check Details

Version: 0.4.1
Check: DESCRIPTION meta-information
Result: NOTE Missing dependency on R >= 4.1.0 because package code uses the pipe |> or function shorthand \(...) syntax added in R 4.1.0. File(s) using such syntax: ‘assign_meta_data.Rd’ Flavors: r-devel-linux-x86_64-debian-clang, r-devel-linux-x86_64-debian-gcc, r-devel-linux-x86_64-fedora-clang, r-devel-linux-x86_64-fedora-gcc, r-devel-windows-x86_64, r-patched-linux-x86_64, r-release-linux-x86_64, r-release-macos-arm64, r-release-windows-x86_64

Version: 0.4.1
Check: HTML version of manual
Result: NOTE Found the following HTML validation problems: dm.html:61:1 (dm.Rd:17): Warning: missing </ul> before </div> edc_xx.html:62:1 (edc_xx.Rd:18): Warning: missing </ul> before </div> spec_XX.html:66:1 (spec_XX.Rd:19): Warning: missing </ul> before </div> spec_codelists.html:60:1 (spec_codelists.Rd:16): Warning: missing </ul> before </div> spec_datasets.html:61:1 (spec_datasets.Rd:17): Warning: missing </ul> before </div> vd.html:58:1 (vd.Rd:16): Warning: missing </ul> before </div> xx_no_meta_data.html:75:1 (xx_no_meta_data.Rd:24): Warning: missing </ul> before </div> Flavors: r-devel-linux-x86_64-debian-clang, r-devel-linux-x86_64-debian-gcc