Last updated on 2024-06-04 18:47:59 CEST.
Flavor | Version | Tinstall | Tcheck | Ttotal | Status | Flags |
---|---|---|---|---|---|---|
r-devel-linux-x86_64-debian-clang | 3.1.0 | 111.12 | 155.33 | 266.45 | OK | |
r-devel-linux-x86_64-debian-gcc | 3.1.0 | 73.35 | 116.91 | 190.26 | OK | |
r-devel-linux-x86_64-fedora-clang | 3.1.0 | 330.12 | OK | |||
r-devel-linux-x86_64-fedora-gcc | 3.1.0 | 362.94 | OK | |||
r-devel-windows-x86_64 | 3.1.0 | 78.00 | 151.00 | 229.00 | OK | |
r-patched-linux-x86_64 | 3.1.0 | 87.34 | 145.45 | 232.79 | OK | |
r-release-linux-x86_64 | 3.1.0 | 74.78 | 148.38 | 223.16 | OK | |
r-release-macos-arm64 | 3.1.0 | 99.00 | NOTE | |||
r-release-macos-x86_64 | 3.1.0 | 232.00 | NOTE | |||
r-release-windows-x86_64 | 3.1.0 | 76.00 | 151.00 | 227.00 | OK | |
r-oldrel-macos-arm64 | 3.1.0 | 115.00 | NOTE | |||
r-oldrel-macos-x86_64 | 3.1.0 | 220.00 | NOTE | |||
r-oldrel-windows-x86_64 | 3.1.0 | 96.00 | 183.00 | 279.00 | OK |
Version: 3.1.0
Check: installed package size
Result: NOTE
installed size is 9.8Mb
sub-directories of 1Mb or more:
doc 1.1Mb
libs 8.4Mb
Flavors: r-release-macos-arm64, r-release-macos-x86_64, r-oldrel-macos-arm64, r-oldrel-macos-x86_64