Last updated on 2025-11-11 18:50:07 CET.
| Flavor | Version | Tinstall | Tcheck | Ttotal | Status | Flags |
|---|---|---|---|---|---|---|
| r-devel-linux-x86_64-debian-clang | 1.0.0 | 7.80 | 50.53 | 58.33 | OK | |
| r-devel-linux-x86_64-debian-gcc | 1.0.0 | 5.16 | 37.06 | 42.22 | OK | |
| r-devel-linux-x86_64-fedora-clang | 1.0.0 | 40.00 | 52.49 | 92.49 | NOTE | |
| r-devel-linux-x86_64-fedora-gcc | 1.0.0 | 20.00 | 78.11 | 98.11 | NOTE | |
| r-devel-windows-x86_64 | 1.0.0 | 10.00 | 64.00 | 74.00 | OK | |
| r-patched-linux-x86_64 | 1.0.0 | 8.50 | 46.40 | 54.90 | OK | |
| r-release-linux-x86_64 | 1.0.0 | 8.17 | 46.38 | 54.55 | OK | |
| r-release-macos-arm64 | 1.0.0 | 3.00 | 33.00 | 36.00 | OK | |
| r-release-macos-x86_64 | 1.0.0 | 7.00 | 55.00 | 62.00 | OK | |
| r-release-windows-x86_64 | 1.0.0 | 10.00 | 64.00 | 74.00 | OK | |
| r-oldrel-macos-arm64 | 1.0.0 | 4.00 | 34.00 | 38.00 | OK | |
| r-oldrel-macos-x86_64 | 1.0.0 | 6.00 | 47.00 | 53.00 | OK | |
| r-oldrel-windows-x86_64 | 1.0.0 | 14.00 | 80.00 | 94.00 | OK |
Version: 1.0.0
Check: dependencies in R code
Result: NOTE
Namespace in Imports field not imported from: ‘reticulate’
All declared Imports should be used.
Flavors: r-devel-linux-x86_64-fedora-clang, r-devel-linux-x86_64-fedora-gcc