Last updated on 2025-11-12 19:52:03 CET.
| Flavor | Version | Tinstall | Tcheck | Ttotal | Status | Flags |
|---|---|---|---|---|---|---|
| r-devel-linux-x86_64-debian-clang | 2.9.0 | 7.91 | 77.73 | 85.64 | NOTE | |
| r-devel-linux-x86_64-debian-gcc | 2.9.0 | 5.52 | 52.31 | 57.83 | NOTE | |
| r-devel-linux-x86_64-fedora-clang | 2.9.0 | 20.00 | 102.07 | 122.07 | OK | |
| r-devel-linux-x86_64-fedora-gcc | 2.9.0 | 17.00 | 94.32 | 111.32 | OK | |
| r-devel-windows-x86_64 | 2.9.0 | 10.00 | 93.00 | 103.00 | OK | |
| r-patched-linux-x86_64 | 2.9.0 | 8.56 | 67.81 | 76.37 | OK | |
| r-release-linux-x86_64 | 2.9.0 | 5.82 | 66.97 | 72.79 | OK | |
| r-release-macos-arm64 | 2.9.0 | 4.00 | 34.00 | 38.00 | OK | |
| r-release-macos-x86_64 | 2.9.0 | 8.00 | 55.00 | 63.00 | OK | |
| r-release-windows-x86_64 | 2.9.0 | 9.00 | 91.00 | 100.00 | OK | |
| r-oldrel-macos-arm64 | 2.9.0 | 5.00 | 30.00 | 35.00 | OK | |
| r-oldrel-macos-x86_64 | 2.9.0 | 7.00 | 45.00 | 52.00 | OK | |
| r-oldrel-windows-x86_64 | 2.9.0 | 14.00 | 113.00 | 127.00 | OK |
Version: 2.9.0
Check: CRAN incoming feasibility
Result: NOTE
Maintainer: ‘Tyler Rinker <tyler.rinker@gmail.com>’
Package CITATION file contains call(s) to old-style citEntry(). Please
use bibentry() instead.
Flavors: r-devel-linux-x86_64-debian-clang, r-devel-linux-x86_64-debian-gcc