Last updated on 2025-11-12 19:52:03 CET.
| Flavor | Version | Tinstall | Tcheck | Ttotal | Status | Flags |
|---|---|---|---|---|---|---|
| r-devel-linux-x86_64-debian-clang | 1.0.1 | 63.05 | 226.45 | 289.50 | OK | |
| r-devel-linux-x86_64-debian-gcc | 1.0.1 | 45.79 | 149.96 | 195.75 | OK | |
| r-devel-linux-x86_64-fedora-clang | 1.0.1 | 105.00 | 337.72 | 442.72 | OK | |
| r-devel-linux-x86_64-fedora-gcc | 1.0.1 | 129.00 | 284.86 | 413.86 | OK | |
| r-devel-windows-x86_64 | 1.0.1 | 80.00 | 218.00 | 298.00 | OK | |
| r-patched-linux-x86_64 | 1.0.1 | 64.35 | 199.87 | 264.22 | OK | |
| r-release-linux-x86_64 | 1.0.1 | 59.46 | 202.09 | 261.55 | OK | |
| r-release-macos-arm64 | 1.0.1 | 26.00 | 85.00 | 111.00 | OK | |
| r-release-macos-x86_64 | 1.0.1 | 31.00 | 177.00 | 208.00 | OK | |
| r-release-windows-x86_64 | 1.0.1 | 77.00 | 209.00 | 286.00 | OK | |
| r-oldrel-macos-arm64 | 1.0.1 | 28.00 | 86.00 | 114.00 | NOTE | |
| r-oldrel-macos-x86_64 | 1.0.1 | 39.00 | 156.00 | 195.00 | NOTE | |
| r-oldrel-windows-x86_64 | 1.0.1 | 96.00 | 289.00 | 385.00 | NOTE |
Version: 1.0.1
Check: installed package size
Result: NOTE
installed size is 7.7Mb
sub-directories of 1Mb or more:
data 2.3Mb
libs 4.2Mb
Flavors: r-oldrel-macos-arm64, r-oldrel-macos-x86_64
Version: 1.0.1
Check: for GNU extensions in Makefiles
Result: NOTE
GNU make is a SystemRequirements.
Flavors: r-oldrel-macos-arm64, r-oldrel-macos-x86_64, r-oldrel-windows-x86_64