Last updated on 2025-07-01 18:48:44 CEST.
Flavor | Version | Tinstall | Tcheck | Ttotal | Status | Flags |
---|---|---|---|---|---|---|
r-devel-linux-x86_64-debian-clang | 0.1.7 | 14.65 | 127.13 | 141.78 | NOTE | |
r-devel-linux-x86_64-debian-gcc | 0.1.7 | 10.34 | 90.43 | 100.77 | NOTE | |
r-devel-linux-x86_64-fedora-clang | 0.1.7 | 226.97 | NOTE | |||
r-devel-linux-x86_64-fedora-gcc | 0.1.7 | 234.77 | NOTE | |||
r-devel-windows-x86_64 | 0.1.7 | 13.00 | 125.00 | 138.00 | NOTE | |
r-patched-linux-x86_64 | NOTE | |||||
r-release-linux-x86_64 | 0.1.7 | 11.36 | 119.94 | 131.30 | NOTE | |
r-release-macos-arm64 | 0.1.7 | 72.00 | NOTE | |||
r-release-macos-x86_64 | 0.1.7 | 159.00 | NOTE | |||
r-release-windows-x86_64 | 0.1.7 | 13.00 | 123.00 | 136.00 | NOTE | |
r-oldrel-macos-arm64 | 0.1.7 | 64.00 | OK | |||
r-oldrel-macos-x86_64 | 0.1.7 | 100.00 | OK | |||
r-oldrel-windows-x86_64 | 0.1.7 | 20.00 | 171.00 | 191.00 | OK |
Version: 0.1.7
Check: DESCRIPTION meta-information
Result: NOTE
Missing dependency on R >= 4.1.0 because package code uses the pipe
|> or function shorthand \(...) syntax added in R 4.1.0.
File(s) using such syntax:
‘consensus.R’
Flavors: r-devel-linux-x86_64-debian-clang, r-devel-linux-x86_64-debian-gcc, r-devel-linux-x86_64-fedora-clang, r-devel-linux-x86_64-fedora-gcc, r-devel-windows-x86_64, r-patched-linux-x86_64, r-release-linux-x86_64, r-release-macos-arm64, r-release-macos-x86_64, r-release-windows-x86_64