Last updated on 2025-02-21 19:50:40 CET.
Flavor | Version | Tinstall | Tcheck | Ttotal | Status | Flags |
---|---|---|---|---|---|---|
r-devel-linux-x86_64-debian-clang | 1.0.1 | 305.55 | 382.38 | 687.93 | OK | |
r-devel-linux-x86_64-debian-gcc | 1.0.1 | 280.66 | 370.03 | 650.69 | OK | |
r-devel-linux-x86_64-fedora-clang | 1.0.1 | 1161.07 | OK | |||
r-devel-linux-x86_64-fedora-gcc | 1.0.1 | 1335.42 | OK | |||
r-devel-macos-arm64 | 1.0.1 | 294.00 | OK | |||
r-devel-macos-x86_64 | 1.0.1 | 448.00 | OK | |||
r-devel-windows-x86_64 | 1.0.1 | 297.00 | 468.00 | 765.00 | OK | |
r-patched-linux-x86_64 | 1.0.1 | 362.96 | 480.42 | 843.38 | NOTE | |
r-release-linux-x86_64 | 1.0.1 | 335.02 | 416.38 | 751.40 | NOTE | |
r-release-macos-arm64 | 1.0.1 | 171.00 | NOTE | |||
r-release-macos-x86_64 | 1.0.1 | 233.00 | NOTE | |||
r-release-windows-x86_64 | 1.0.1 | 298.00 | 444.00 | 742.00 | NOTE | |
r-oldrel-macos-arm64 | 1.0.1 | 280.00 | NOTE | |||
r-oldrel-macos-x86_64 | 1.0.1 | 324.00 | NOTE | |||
r-oldrel-windows-x86_64 | 1.0.1 | 387.00 | 512.00 | 899.00 | NOTE |
Version: 1.0.1
Check: for GNU extensions in Makefiles
Result: NOTE
GNU make is a SystemRequirements.
Flavors: r-patched-linux-x86_64, r-release-linux-x86_64, r-release-macos-arm64, r-release-macos-x86_64, r-release-windows-x86_64, r-oldrel-macos-arm64, r-oldrel-macos-x86_64, r-oldrel-windows-x86_64
Version: 1.0.1
Check: installed package size
Result: NOTE
installed size is 55.5Mb
sub-directories of 1Mb or more:
doc 1.2Mb
libs 53.3Mb
Flavors: r-release-macos-arm64, r-release-macos-x86_64, r-release-windows-x86_64, r-oldrel-macos-arm64, r-oldrel-macos-x86_64, r-oldrel-windows-x86_64