CRAN Package Check Results for Package set

Last updated on 2025-02-22 07:51:46 CET.

Flavor Version Tinstall Tcheck Ttotal Status Flags
r-devel-linux-x86_64-debian-clang 1.2 1.97 18.33 20.30 OK
r-devel-linux-x86_64-debian-gcc 1.2 1.55 14.87 16.42 OK
r-devel-linux-x86_64-fedora-clang 1.2 32.79 OK
r-devel-linux-x86_64-fedora-gcc 1.2 31.64 OK
r-devel-macos-arm64 1.2 16.00 OK
r-devel-macos-x86_64 1.2 25.00 OK
r-devel-windows-x86_64 1.2 4.00 43.00 47.00 OK
r-patched-linux-x86_64 1.2 2.06 17.59 19.65 NOTE
r-release-linux-x86_64 1.2 1.99 17.52 19.51 NOTE
r-release-macos-arm64 1.2 14.00 NOTE
r-release-macos-x86_64 1.2 23.00 NOTE
r-release-windows-x86_64 1.2 4.00 41.00 45.00 NOTE
r-oldrel-macos-arm64 1.2 15.00 NOTE
r-oldrel-macos-x86_64 1.2 20.00 NOTE
r-oldrel-windows-x86_64 1.2 4.00 44.00 48.00 NOTE

Check Details

Version: 1.2
Check: LazyData
Result: NOTE 'LazyData' is specified without a 'data' directory Flavors: r-patched-linux-x86_64, r-release-linux-x86_64, r-release-macos-arm64, r-release-macos-x86_64, r-release-windows-x86_64, r-oldrel-macos-arm64, r-oldrel-macos-x86_64, r-oldrel-windows-x86_64