Last updated on 2025-02-21 06:49:54 CET.
Flavor | Version | Tinstall | Tcheck | Ttotal | Status | Flags |
---|---|---|---|---|---|---|
r-devel-linux-x86_64-debian-clang | 1.0.0 | 3.31 | 70.09 | 73.40 | NOTE | |
r-devel-linux-x86_64-debian-gcc | 1.0.0 | 2.48 | 53.29 | 55.77 | NOTE | |
r-devel-linux-x86_64-fedora-clang | 1.0.0 | 111.43 | NOTE | |||
r-devel-linux-x86_64-fedora-gcc | 1.0.0 | 110.19 | NOTE | |||
r-devel-macos-arm64 | 1.0.0 | 43.00 | OK | |||
r-devel-macos-x86_64 | 1.0.0 | 84.00 | NOTE | |||
r-devel-windows-x86_64 | 1.0.0 | 4.00 | 100.00 | 104.00 | NOTE | |
r-patched-linux-x86_64 | 1.0.0 | 3.41 | 67.75 | 71.16 | OK | |
r-release-linux-x86_64 | 1.0.0 | 3.05 | 68.07 | 71.12 | OK | |
r-release-macos-arm64 | 1.0.0 | 40.00 | OK | |||
r-release-macos-x86_64 | 1.0.0 | 60.00 | OK | |||
r-release-windows-x86_64 | 1.0.0 | 5.00 | 94.00 | 99.00 | OK | |
r-oldrel-macos-arm64 | 1.0.0 | 44.00 | OK | |||
r-oldrel-macos-x86_64 | 1.0.0 | 97.00 | OK | |||
r-oldrel-windows-x86_64 | 1.0.0 | 6.00 | 112.00 | 118.00 | OK |
Version: 1.0.0
Check: DESCRIPTION meta-information
Result: NOTE
Missing dependency on R >= 4.1.0 because package code uses the pipe
|> or function shorthand \(...) syntax added in R 4.1.0.
File(s) using such syntax:
‘st_augment.R’ ‘st_bridges.R’ ‘st_check_islands.R’
‘st_manual_cut_nb.R’ ‘st_manual_join_nb.R’ ‘st_quickmap_nb.R’
‘st_quickmap_preds.R’
Flavors: r-devel-linux-x86_64-debian-clang, r-devel-linux-x86_64-debian-gcc, r-devel-linux-x86_64-fedora-clang, r-devel-linux-x86_64-fedora-gcc, r-devel-macos-x86_64, r-devel-windows-x86_64